114.119.142.8 - - [20/Sep/2022:06:18:12 -0700] "GET /_private/clients/lafiesta%20website/ HTTP/1.1" 200 333 "http://mywaywithstyle.com/_private/clients" "Mozilla/5.0 (Linux; Android 7.0;) AppleWebKit/537.36 (KHTML, like Gecko) Mobile Safari/537.36 (compatible; PetalBot;+https://webmaster.petalsearch.com/site/petalbot)" "mywaywithstyle.com"
199.15.176.242 - - [20/Sep/2022:07:07:57 -0700] "GET / HTTP/1.1" 200 703 "-" "solfo-linkchecker/1.0 (http://solfo.com/linkbot.html)" "www.mywaywithstyle.com"
95.163.255.188 - - [20/Sep/2022:07:47:56 -0700] "GET /robots.txt HTTP/1.1" 404 73 "-" "Mozilla/5.0 (compatible; Linux x86_64; Mail.RU_Bot/2.0; +https://help.mail.ru/webmaster/indexing/robots)" "www.mywaywithstyle.com"
95.163.255.172 - - [20/Sep/2022:07:47:58 -0700] "GET /home HTTP/1.1" 404 88 "-" "Mozilla/5.0 (compatible; Linux x86_64; Mail.RU_Bot/2.0; +https://help.mail.ru/webmaster/indexing/robots)" "www.mywaywithstyle.com"
51.15.183.168 - - [20/Sep/2022:08:26:51 -0700] "GET /admin/FCKeditor/editor/filemanager/browser/default/connectors/php/connector.php?Command=GetFoldersAndFiles&Type=File&CurrentFolder=%2F HTTP/1.1" 404 73 "-" "Mozilla/5.0 (Windows NT 6.3; Win64; x64) AppleWebKit/537.36 (KHTML, like Gecko) Chrome/75.0.3770.100 Safari/537.36" "mywaywithstyle.com"
114.119.142.73 - - [20/Sep/2022:09:09:33 -0700] "GET /_private?M=D HTTP/1.1" 301 1419 "https://www.mywaywithstyle.com/_private?M=A" "Mozilla/5.0 (Linux; Android 7.0;) AppleWebKit/537.36 (KHTML, like Gecko) Mobile Safari/537.36 (compatible; PetalBot;+https://webmaster.petalsearch.com/site/petalbot)" "www.mywaywithstyle.com"
114.119.142.73 - - [20/Sep/2022:09:09:34 -0700] "GET /_private/?M=D HTTP/1.1" 200 352 "https://www.mywaywithstyle.com/_private?M=A" "Mozilla/5.0 (Linux; Android 7.0;) AppleWebKit/537.36 (KHTML, like Gecko) Mobile Safari/537.36 (compatible; PetalBot;+https://webmaster.petalsearch.com/site/petalbot)" "www.mywaywithstyle.com"
114.119.142.8 - - [20/Sep/2022:10:24:23 -0700] "GET /temp%20images/?C=N%3BO%3DD HTTP/1.1" 200 415 "http://mywaywithstyle.com/temp%20images?S=D" "Mozilla/5.0 (Linux; Android 7.0;) AppleWebKit/537.36 (KHTML, like Gecko) Mobile Safari/537.36 (compatible; PetalBot;+https://webmaster.petalsearch.com/site/petalbot)" "mywaywithstyle.com"
54.236.1.13 - - [20/Sep/2022:10:25:44 -0700] "GET / HTTP/1.1" 200 361 "-" "Mozilla/5.0 (compatible; Pinterestbot/1.0; +http://www.pinterest.com/bot.html)" "mywaywithstyle.com"
114.119.142.84 - - [20/Sep/2022:10:35:19 -0700] "GET /_private/clients?S=A HTTP/1.1" 301 1418 "-" "Mozilla/5.0 (Linux; Android 7.0;) AppleWebKit/537.36 (KHTML, like Gecko) Mobile Safari/537.36 (compatible; PetalBot;+https://webmaster.petalsearch.com/site/petalbot)" "mywaywithstyle.com"
114.119.142.84 - - [20/Sep/2022:10:35:19 -0700] "GET /_private/clients/?S=A HTTP/1.1" 200 371 "-" "Mozilla/5.0 (Linux; Android 7.0;) AppleWebKit/537.36 (KHTML, like Gecko) Mobile Safari/537.36 (compatible; PetalBot;+https://webmaster.petalsearch.com/site/petalbot)" "mywaywithstyle.com"
147.78.47.233 - - [20/Sep/2022:10:48:49 -0700] "GET /administrator/ HTTP/1.1" 404 88 "-" "Mozilla/5.0 (Windows NT 10.0; Win64; x64) AppleWebKit/537.36 (KHTML, like Gecko) Chrome/64.0.3282.140 Safari/537.36 Edge/18.17763" "mywaywithstyle.com"
49.7.20.89 - - [20/Sep/2022:11:53:28 -0700] "GET / HTTP/1.1" 200 361 "-" "Sogou web spider/4.0(+http://www.sogou.com/docs/help/webmasters.htm#07)" "mywaywithstyle.com"
162.55.85.222 - - [20/Sep/2022:12:50:40 -0700] "GET /robots.txt HTTP/1.1" 404 88 "-" "Mozilla/5.0 (compatible; BLEXBot/1.0; +http://webmeup-crawler.com/)" "www.mywaywithstyle.com"
162.55.85.222 - - [20/Sep/2022:12:50:41 -0700] "GET /sitemap HTTP/1.1" 404 88 "-" "Mozilla/5.0 (compatible; BLEXBot/1.0; +http://webmeup-crawler.com/)" "www.mywaywithstyle.com"
162.55.85.222 - - [20/Sep/2022:12:51:04 -0700] "GET /sitemap.txt HTTP/1.1" 404 88 "-" "Mozilla/5.0 (compatible; BLEXBot/1.0; +http://webmeup-crawler.com/)" "www.mywaywithstyle.com"
162.55.85.222 - - [20/Sep/2022:12:51:28 -0700] "GET /_private/?C=N;O=A HTTP/1.1" 200 352 "-" "Mozilla/5.0 (compatible; BLEXBot/1.0; +http://webmeup-crawler.com/)" "www.mywaywithstyle.com"
162.55.85.222 - - [20/Sep/2022:12:51:53 -0700] "GET /_private/clients/?C=D;O=D HTTP/1.1" 200 369 "-" "Mozilla/5.0 (compatible; BLEXBot/1.0; +http://webmeup-crawler.com/)" "www.mywaywithstyle.com"
162.55.85.222 - - [20/Sep/2022:12:52:17 -0700] "GET /_private/clients/?C=M;O=D HTTP/1.1" 200 369 "-" "Mozilla/5.0 (compatible; BLEXBot/1.0; +http://webmeup-crawler.com/)" "www.mywaywithstyle.com"
162.55.85.222 - - [20/Sep/2022:12:52:41 -0700] "GET /_private/clients/?C=N;O=A HTTP/1.1" 200 371 "-" "Mozilla/5.0 (compatible; BLEXBot/1.0; +http://webmeup-crawler.com/)" "www.mywaywithstyle.com"
162.55.85.222 - - [20/Sep/2022:12:53:59 -0700] "GET /_private/clients/lafiesta%20website/?C=D;O=A HTTP/1.1" 200 333 "-" "Mozilla/5.0 (compatible; BLEXBot/1.0; +http://webmeup-crawler.com/)" "www.mywaywithstyle.com"
162.55.85.222 - - [20/Sep/2022:12:54:24 -0700] "GET /_private/clients/lafiesta%20website/?C=M;O=A HTTP/1.1" 200 334 "-" "Mozilla/5.0 (compatible; BLEXBot/1.0; +http://webmeup-crawler.com/)" "www.mywaywithstyle.com"
162.55.85.222 - - [20/Sep/2022:12:54:48 -0700] "GET /_private/clients/lafiesta%20website/?C=N;O=D HTTP/1.1" 200 332 "-" "Mozilla/5.0 (compatible; BLEXBot/1.0; +http://webmeup-crawler.com/)" "www.mywaywithstyle.com"
162.55.85.222 - - [20/Sep/2022:12:55:13 -0700] "GET /_private/clients/lafiesta%20website/?C=S;O=A HTTP/1.1" 200 334 "-" "Mozilla/5.0 (compatible; BLEXBot/1.0; +http://webmeup-crawler.com/)" "www.mywaywithstyle.com"
207.148.67.173 - - [20/Sep/2022:13:02:27 -0700] "GET /wp-login.php HTTP/1.1" 404 88 "-" "Mozilla/5.0 (Windows NT 10.0; Win64; x64; rv:96.0) Gecko/20100101 Firefox/96" "mywaywithstyle.com"
66.249.79.162 - - [20/Sep/2022:14:34:54 -0700] "GET /robots.txt HTTP/1.1" 404 88 "-" "Mozilla/5.0 (compatible; Googlebot/2.1; +http://www.google.com/bot.html)" "www.mywaywithstyle.com"
66.249.79.165 - - [20/Sep/2022:14:36:15 -0700] "GET /favicon.ico HTTP/1.1" 404 88 "-" "Googlebot-Image/1.0" "www.mywaywithstyle.com"
66.249.79.168 - - [20/Sep/2022:14:36:15 -0700] "GET /favicon.ico HTTP/1.1" 404 88 "-" "Googlebot-Image/1.0" "www.mywaywithstyle.com"
114.119.142.73 - - [20/Sep/2022:14:58:01 -0700] "GET /temp%20images?S=A HTTP/1.1" 301 1417 "-" "Mozilla/5.0 (Linux; Android 7.0;) AppleWebKit/537.36 (KHTML, like Gecko) Mobile Safari/537.36 (compatible; PetalBot;+https://webmaster.petalsearch.com/site/petalbot)" "mywaywithstyle.com"
114.119.142.73 - - [20/Sep/2022:14:58:01 -0700] "GET /temp%20images/?S=A HTTP/1.1" 200 415 "-" "Mozilla/5.0 (Linux; Android 7.0;) AppleWebKit/537.36 (KHTML, like Gecko) Mobile Safari/537.36 (compatible; PetalBot;+https://webmaster.petalsearch.com/site/petalbot)" "mywaywithstyle.com"
114.119.142.8 - - [20/Sep/2022:15:21:56 -0700] "GET /_private?S=A HTTP/1.1" 301 1413 "-" "Mozilla/5.0 (Linux; Android 7.0;) AppleWebKit/537.36 (KHTML, like Gecko) Mobile Safari/537.36 (compatible; PetalBot;+https://webmaster.petalsearch.com/site/petalbot)" "mywaywithstyle.com"
114.119.142.8 - - [20/Sep/2022:15:21:56 -0700] "GET /_private/?S=A HTTP/1.1" 200 352 "-" "Mozilla/5.0 (Linux; Android 7.0;) AppleWebKit/537.36 (KHTML, like Gecko) Mobile Safari/537.36 (compatible; PetalBot;+https://webmaster.petalsearch.com/site/petalbot)" "mywaywithstyle.com"
114.119.145.194 - - [20/Sep/2022:15:29:26 -0700] "GET /robots.txt HTTP/1.1" 404 88 "-" "Mozilla/5.0 (compatible;PetalBot;+https://webmaster.petalsearch.com/site/petalbot)" "mywaywithstyle.com"
114.119.142.73 - - [20/Sep/2022:15:49:20 -0700] "GET /_private/?C=D%3BO%3DA HTTP/1.1" 200 352 "http://mywaywithstyle.com/_private/?C=M%3BO%3DA" "Mozilla/5.0 (Linux; Android 7.0;) AppleWebKit/537.36 (KHTML, like Gecko) Mobile Safari/537.36 (compatible; PetalBot;+https://webmaster.petalsearch.com/site/petalbot)" "mywaywithstyle.com"
185.39.144.147 - - [20/Sep/2022:15:54:25 -0700] "GET / HTTP/1.1" 200 361 "-" "Mozilla/5.0 (Macintosh; Intel Mac OS X 10_9_2)" "www.mywaywithstyle.com"
114.119.142.85 - - [20/Sep/2022:16:13:17 -0700] "GET /_private/clients/ HTTP/1.1" 200 371 "https://www.mywaywithstyle.com/_private/clients/lafiesta%20website/" "Mozilla/5.0 (Linux; Android 7.0;) AppleWebKit/537.36 (KHTML, like Gecko) Mobile Safari/537.36 (compatible; PetalBot;+https://webmaster.petalsearch.com/site/petalbot)" "www.mywaywithstyle.com"
114.119.142.85 - - [20/Sep/2022:16:37:31 -0700] "GET /_private/clients/?C=M%3BO%3DA HTTP/1.1" 200 371 "http://www.mywaywithstyle.com/_private/clients?M=A" "Mozilla/5.0 (Linux; Android 7.0;) AppleWebKit/537.36 (KHTML, like Gecko) Mobile Safari/537.36 (compatible; PetalBot;+https://webmaster.petalsearch.com/site/petalbot)" "www.mywaywithstyle.com"
114.119.142.73 - - [20/Sep/2022:17:01:33 -0700] "GET /_private/clients/lafiesta%20website/?C=S%3BO%3DA HTTP/1.1" 200 333 "https://www.mywaywithstyle.com/_private/clients/lafiesta%20website/" "Mozilla/5.0 (Linux; Android 7.0;) AppleWebKit/537.36 (KHTML, like Gecko) Mobile Safari/537.36 (compatible; PetalBot;+https://webmaster.petalsearch.com/site/petalbot)" "www.mywaywithstyle.com"
114.119.145.150 - - [20/Sep/2022:17:12:45 -0700] "GET /robots.txt HTTP/1.1" 404 88 "-" "Mozilla/5.0 (compatible;PetalBot;+https://webmaster.petalsearch.com/site/petalbot)" "mywaywithstyle.com"
114.119.142.8 - - [20/Sep/2022:17:25:05 -0700] "GET /?C=D%3BO%3DA HTTP/1.1" 200 361 "http://mywaywithstyle.com/" "Mozilla/5.0 (Linux; Android 7.0;) AppleWebKit/537.36 (KHTML, like Gecko) Mobile Safari/537.36 (compatible; PetalBot;+https://webmaster.petalsearch.com/site/petalbot)" "mywaywithstyle.com"
114.119.130.217 - - [20/Sep/2022:17:28:06 -0700] "GET /robots.txt HTTP/1.1" 404 88 "-" "Mozilla/5.0 (compatible;PetalBot;+https://webmaster.petalsearch.com/site/petalbot)" "www.mywaywithstyle.com"
114.119.142.73 - - [20/Sep/2022:17:48:48 -0700] "GET /_private/clients/lafiesta%20website?C=N%3BO%3DD HTTP/1.1" 301 1441 "http://mywaywithstyle.com/_private/clients/lafiesta%20website?N=D" "Mozilla/5.0 (Linux; Android 7.0;) AppleWebKit/537.36 (KHTML, like Gecko) Mobile Safari/537.36 (compatible; PetalBot;+https://webmaster.petalsearch.com/site/petalbot)" "mywaywithstyle.com"
114.119.142.73 - - [20/Sep/2022:17:48:48 -0700] "GET /_private/clients/lafiesta%20website/?C=N%3BO%3DD HTTP/1.1" 200 333 "http://mywaywithstyle.com/_private/clients/lafiesta%20website?N=D" "Mozilla/5.0 (Linux; Android 7.0;) AppleWebKit/537.36 (KHTML, like Gecko) Mobile Safari/537.36 (compatible; PetalBot;+https://webmaster.petalsearch.com/site/petalbot)" "mywaywithstyle.com"
34.77.246.194 - - [20/Sep/2022:18:23:15 -0700] "GET / HTTP/1.1" 200 703 "-" "Mozilla/5.0 (Windows NT 10.0; Win64; x64) AppleWebKit/537.36 (KHTML, like Gecko) Chrome/84.0.4147.105 Safari/537.36" "www.mywaywithstyle.com"
114.119.142.85 - - [20/Sep/2022:19:02:07 -0700] "GET /_private/clients?M=D HTTP/1.1" 301 1423 "https://www.mywaywithstyle.com/_private/clients?M=A" "Mozilla/5.0 (Linux; Android 7.0;) AppleWebKit/537.36 (KHTML, like Gecko) Mobile Safari/537.36 (compatible; PetalBot;+https://webmaster.petalsearch.com/site/petalbot)" "www.mywaywithstyle.com"
114.119.142.85 - - [20/Sep/2022:19:02:07 -0700] "GET /_private/clients/?M=D HTTP/1.1" 200 371 "https://www.mywaywithstyle.com/_private/clients?M=A" "Mozilla/5.0 (Linux; Android 7.0;) AppleWebKit/537.36 (KHTML, like Gecko) Mobile Safari/537.36 (compatible; PetalBot;+https://webmaster.petalsearch.com/site/petalbot)" "www.mywaywithstyle.com"
114.119.142.8 - - [20/Sep/2022:19:14:22 -0700] "GET /_private?S=D HTTP/1.1" 301 1419 "https://www.mywaywithstyle.com/_private?S=A" "Mozilla/5.0 (Linux; Android 7.0;) AppleWebKit/537.36 (KHTML, like Gecko) Mobile Safari/537.36 (compatible; PetalBot;+https://webmaster.petalsearch.com/site/petalbot)" "www.mywaywithstyle.com"
114.119.142.8 - - [20/Sep/2022:19:14:23 -0700] "GET /_private/?S=D HTTP/1.1" 200 352 "https://www.mywaywithstyle.com/_private?S=A" "Mozilla/5.0 (Linux; Android 7.0;) AppleWebKit/537.36 (KHTML, like Gecko) Mobile Safari/537.36 (compatible; PetalBot;+https://webmaster.petalsearch.com/site/petalbot)" "www.mywaywithstyle.com"
51.15.183.168 - - [20/Sep/2022:19:23:34 -0700] "GET /mambots/editors/fckeditor/editor/filemanager/browser/default/connectors/php/connector.php?Command=GetFoldersAndFiles&Type=File&CurrentFolder=%2F HTTP/1.1" 404 73 "-" "Mozilla/5.0 (Windows NT 6.3; Win64; x64) AppleWebKit/537.36 (KHTML, like Gecko) Chrome/75.0.3770.100 Safari/537.36" "mywaywithstyle.com"
123.125.109.137 - - [20/Sep/2022:21:04:45 -0700] "GET / HTTP/1.1" 200 361 "-" "Sogou web spider/4.0(+http://www.sogou.com/docs/help/webmasters.htm#07)" "mywaywithstyle.com"
159.242.227.64 - - [20/Sep/2022:21:08:02 -0700] "GET /wp-content/wordpress-index-keyword.php HTTP/1.1" 404 88 "-" "Linux Mozilla" "mywaywithstyle.com"
159.242.227.64 - - [20/Sep/2022:21:08:17 -0700] "GET /wp-includes/wso.php HTTP/1.1" 404 88 "-" "Linux Mozilla" "mywaywithstyle.com"
159.242.227.64 - - [20/Sep/2022:21:08:20 -0700] "GET /wp-includes/class-wp-http-socket.php HTTP/1.1" 404 88 "-" "Linux Mozilla" "mywaywithstyle.com"
159.242.227.64 - - [20/Sep/2022:21:08:28 -0700] "GET /wp-system-opencloud.php HTTP/1.1" 404 88 "-" "Linux Mozilla" "mywaywithstyle.com"
159.242.227.64 - - [20/Sep/2022:21:08:32 -0700] "GET /wp-content/wp-file-conficg.php HTTP/1.1" 404 88 "-" "Linux Mozilla" "mywaywithstyle.com"
159.242.227.64 - - [20/Sep/2022:21:08:34 -0700] "GET /wp-content/wp-files-conficg.php HTTP/1.1" 404 88 "-" "Linux Mozilla" "mywaywithstyle.com"
159.242.227.64 - - [20/Sep/2022:21:08:36 -0700] "GET /wp-includes/class-wp-tanonomy.php HTTP/1.1" 404 88 "-" "Linux Mozilla" "mywaywithstyle.com"
159.242.227.64 - - [20/Sep/2022:21:08:37 -0700] "GET /wp-includes/class-detect-spam.php HTTP/1.1" 404 88 "-" "Linux Mozilla" "mywaywithstyle.com"
159.242.227.64 - - [20/Sep/2022:21:08:37 -0700] "GET /wp-includes/wp-license.php HTTP/1.1" 404 88 "-" "Linux Mozilla" "mywaywithstyle.com"
159.242.227.64 - - [20/Sep/2022:21:08:38 -0700] "GET /wp-includes/class-wordpress-cloud.php HTTP/1.1" 404 88 "-" "Linux Mozilla" "mywaywithstyle.com"
159.242.227.64 - - [20/Sep/2022:21:08:38 -0700] "GET /wp-includes/wp-shield-icon-manager.php HTTP/1.1" 404 88 "-" "Linux Mozilla" "mywaywithstyle.com"
159.242.227.64 - - [20/Sep/2022:21:08:42 -0700] "GET /wp-includes/wp-info.php HTTP/1.1" 404 88 "-" "Linux Mozilla" "mywaywithstyle.com"
159.242.227.64 - - [20/Sep/2022:21:08:42 -0700] "GET /wp-includes/class-wp-double.php HTTP/1.1" 404 88 "-" "Linux Mozilla" "mywaywithstyle.com"
159.242.227.64 - - [20/Sep/2022:21:08:43 -0700] "GET /wp-includes/system-reboot.php HTTP/1.1" 404 88 "-" "Linux Mozilla" "mywaywithstyle.com"
159.242.227.64 - - [20/Sep/2022:21:08:43 -0700] "GET /wp-includes/cwp-jespos.php HTTP/1.1" 404 88 "-" "Linux Mozilla" "mywaywithstyle.com"
159.242.227.64 - - [20/Sep/2022:21:08:44 -0700] "GET /wp-includes/cwp-class-searcher.php HTTP/1.1" 404 88 "-" "Linux Mozilla" "mywaywithstyle.com"
159.242.227.64 - - [20/Sep/2022:21:08:44 -0700] "GET /wp-includes/cwp-cleaner.php HTTP/1.1" 404 88 "-" "Linux Mozilla" "mywaywithstyle.com"
159.242.227.64 - - [20/Sep/2022:21:08:45 -0700] "GET /wp-includes/wp-class-404-icon.php HTTP/1.1" 404 88 "-" "Linux Mozilla" "mywaywithstyle.com"
159.242.227.64 - - [20/Sep/2022:21:08:45 -0700] "GET /wp-includes/wp-shield-icon-managed.php HTTP/1.1" 404 88 "-" "Linux Mozilla" "mywaywithstyle.com"
159.242.227.64 - - [20/Sep/2022:21:08:47 -0700] "GET /wp-includes/class-wordpress-license.php HTTP/1.1" 404 88 "-" "Linux Mozilla" "mywaywithstyle.com"
159.242.227.64 - - [20/Sep/2022:21:08:51 -0700] "GET /wp-includes/class-wp-page-icon.php HTTP/1.1" 404 88 "-" "Linux Mozilla" "mywaywithstyle.com"
159.242.227.64 - - [20/Sep/2022:21:08:51 -0700] "GET /wp-includes/class-wp-post-link.php HTTP/1.1" 404 88 "-" "Linux Mozilla" "mywaywithstyle.com"
159.242.227.64 - - [20/Sep/2022:21:08:55 -0700] "GET /wp-includes/wp-shiel-icon-managed.php HTTP/1.1" 404 88 "-" "Linux Mozilla" "mywaywithstyle.com"
159.242.227.64 - - [20/Sep/2022:21:08:55 -0700] "GET /wp-includes/class-wp-session-href.php HTTP/1.1" 404 88 "-" "Linux Mozilla" "mywaywithstyle.com"
114.119.142.8 - - [20/Sep/2022:21:22:49 -0700] "GET /_private/clients/?C=M%3BO%3DA HTTP/1.1" 200 371 "http://mywaywithstyle.com/_private/clients/" "Mozilla/5.0 (Linux; Android 7.0;) AppleWebKit/537.36 (KHTML, like Gecko) Mobile Safari/537.36 (compatible; PetalBot;+https://webmaster.petalsearch.com/site/petalbot)" "mywaywithstyle.com"
114.119.142.84 - - [20/Sep/2022:21:35:06 -0700] "GET /_private?D=D HTTP/1.1" 301 1419 "https://www.mywaywithstyle.com/_private?D=A" "Mozilla/5.0 (Linux; Android 7.0;) AppleWebKit/537.36 (KHTML, like Gecko) Mobile Safari/537.36 (compatible; PetalBot;+https://webmaster.petalsearch.com/site/petalbot)" "www.mywaywithstyle.com"
114.119.142.84 - - [20/Sep/2022:21:35:07 -0700] "GET /_private/?D=D HTTP/1.1" 200 352 "https://www.mywaywithstyle.com/_private?D=A" "Mozilla/5.0 (Linux; Android 7.0;) AppleWebKit/537.36 (KHTML, like Gecko) Mobile Safari/537.36 (compatible; PetalBot;+https://webmaster.petalsearch.com/site/petalbot)" "www.mywaywithstyle.com"
114.119.142.85 - - [20/Sep/2022:21:42:11 -0700] "GET /temp%20images?S=D HTTP/1.1" 301 1419 "https://www.mywaywithstyle.com/temp%20images?S=A" "Mozilla/5.0 (Linux; Android 7.0;) AppleWebKit/537.36 (KHTML, like Gecko) Mobile Safari/537.36 (compatible; PetalBot;+https://webmaster.petalsearch.com/site/petalbot)" "www.mywaywithstyle.com"
114.119.142.85 - - [20/Sep/2022:21:42:11 -0700] "GET /temp%20images/?S=D HTTP/1.1" 200 415 "https://www.mywaywithstyle.com/temp%20images?S=A" "Mozilla/5.0 (Linux; Android 7.0;) AppleWebKit/537.36 (KHTML, like Gecko) Mobile Safari/537.36 (compatible; PetalBot;+https://webmaster.petalsearch.com/site/petalbot)" "www.mywaywithstyle.com"
61.135.159.126 - - [20/Sep/2022:21:42:14 -0700] "GET / HTTP/1.1" 200 361 "-" "Sogou web spider/4.0(+http://www.sogou.com/docs/help/webmasters.htm#07)" "www.mywaywithstyle.com"
114.119.142.84 - - [20/Sep/2022:21:51:05 -0700] "GET /_private/clients/lafiesta%20website/?C=S%3BO%3DA HTTP/1.1" 200 333 "http://mywaywithstyle.com/_private/clients/lafiesta%20website/" "Mozilla/5.0 (Linux; Android 7.0;) AppleWebKit/537.36 (KHTML, like Gecko) Mobile Safari/537.36 (compatible; PetalBot;+https://webmaster.petalsearch.com/site/petalbot)" "mywaywithstyle.com"
114.119.142.85 - - [20/Sep/2022:22:01:39 -0700] "GET /_private/clients/?C=N%3BO%3DD HTTP/1.1" 200 371 "https://www.mywaywithstyle.com/_private/clients/?C=D%3BO%3DA" "Mozilla/5.0 (Linux; Android 7.0;) AppleWebKit/537.36 (KHTML, like Gecko) Mobile Safari/537.36 (compatible; PetalBot;+https://webmaster.petalsearch.com/site/petalbot)" "www.mywaywithstyle.com"
20.4.48.86 - - [20/Sep/2022:22:03:06 -0700] "GET / HTTP/1.1" 200 361 "-" "Go-http-client/1.1" "mywaywithstyle.com"
20.4.48.86 - - [20/Sep/2022:22:03:07 -0700] "GET /wp-includes/css/buttons.css HTTP/1.1" 404 88 "-" "Go-http-client/1.1" "mywaywithstyle.com"
20.4.48.86 - - [20/Sep/2022:22:03:07 -0700] "GET /media/system/js/core.js HTTP/1.1" 404 88 "-" "Go-http-client/1.1" "mywaywithstyle.com"
114.119.142.84 - - [20/Sep/2022:22:12:44 -0700] "GET /temp%20images?C=S%3BO%3DA HTTP/1.1" 301 1426 "http://mywaywithstyle.com/temp%20images?N=D" "Mozilla/5.0 (Linux; Android 7.0;) AppleWebKit/537.36 (KHTML, like Gecko) Mobile Safari/537.36 (compatible; PetalBot;+https://webmaster.petalsearch.com/site/petalbot)" "mywaywithstyle.com"
114.119.142.84 - - [20/Sep/2022:22:12:44 -0700] "GET /temp%20images/?C=S%3BO%3DA HTTP/1.1" 200 415 "http://mywaywithstyle.com/temp%20images?N=D" "Mozilla/5.0 (Linux; Android 7.0;) AppleWebKit/537.36 (KHTML, like Gecko) Mobile Safari/537.36 (compatible; PetalBot;+https://webmaster.petalsearch.com/site/petalbot)" "mywaywithstyle.com"
185.27.99.127 - - [20/Sep/2022:23:17:09 -0700] "GET / HTTP/1.1" 200 361 "http://weddingswithstyle.ca/" "Mozilla/5.0 (iPad; CPU OS 6_0 like Mac OS X) AppleWebKit/536.26 (KHTML, like Gecko) Version/6.0 Mobile/10A5355d Safari/8536.25" "www.mywaywithstyle.com"
114.119.142.73 - - [20/Sep/2022:23:26:02 -0700] "GET /_private?C=S%3BO%3DA HTTP/1.1" 301 1422 "http://mywaywithstyle.com/_private?S=D" "Mozilla/5.0 (Linux; Android 7.0;) AppleWebKit/537.36 (KHTML, like Gecko) Mobile Safari/537.36 (compatible; PetalBot;+https://webmaster.petalsearch.com/site/petalbot)" "mywaywithstyle.com"
114.119.142.73 - - [20/Sep/2022:23:26:03 -0700] "GET /_private/?C=S%3BO%3DA HTTP/1.1" 200 352 "http://mywaywithstyle.com/_private?S=D" "Mozilla/5.0 (Linux; Android 7.0;) AppleWebKit/537.36 (KHTML, like Gecko) Mobile Safari/537.36 (compatible; PetalBot;+https://webmaster.petalsearch.com/site/petalbot)" "mywaywithstyle.com"
35.90.75.9 - - [20/Sep/2022:23:42:13 -0700] "GET / HTTP/1.1" 200 361 "-" "Mozilla/5.0 (X11; Linux x86_64) AppleWebKit/537.36 (KHTML, like Gecko) Chrome/83.0.4103.97 Safari/537.36" "mywaywithstyle.com"
35.86.254.224 - - [20/Sep/2022:23:42:15 -0700] "GET / HTTP/1.1" 200 361 "-" "Mozilla/5.0 (X11; Linux x86_64) AppleWebKit/537.36 (KHTML, like Gecko) Chrome/83.0.4103.97 Safari/537.36" "mywaywithstyle.com"
35.89.243.218 - - [20/Sep/2022:23:42:28 -0700] "GET /favicon.ico HTTP/1.1" 404 88 "-" "Mozilla/5.0 (X11; Linux x86_64) AppleWebKit/537.36 (KHTML, like Gecko) Chrome/83.0.4103.97 Safari/537.36" "mywaywithstyle.com"
35.89.243.218 - - [20/Sep/2022:23:42:29 -0700] "GET / HTTP/1.1" 200 361 "-" "Mozilla/5.0 (X11; Linux x86_64) AppleWebKit/537.36 (KHTML, like Gecko) Chrome/83.0.4103.97 Safari/537.36" "mywaywithstyle.com"
54.69.213.34 - - [20/Sep/2022:23:42:35 -0700] "GET /favicon.ico HTTP/1.1" 404 88 "-" "Mozilla/5.0 (X11; Linux x86_64) AppleWebKit/537.36 (KHTML, like Gecko) Chrome/83.0.4103.97 Safari/537.36" "mywaywithstyle.com"
54.69.213.34 - - [20/Sep/2022:23:42:36 -0700] "GET / HTTP/1.1" 200 361 "-" "Mozilla/5.0 (X11; Linux x86_64) AppleWebKit/537.36 (KHTML, like Gecko) Chrome/83.0.4103.97 Safari/537.36" "mywaywithstyle.com"
147.78.47.249 - - [21/Sep/2022:00:13:02 -0700] "GET /_ignition/health-check/ HTTP/1.1" 404 88 "-" "Mozilla/5.0 (Windows NT 10.0; Win64; x64) AppleWebKit/537.36 (KHTML, like Gecko) Chrome/105.0.0.0 Safari/537.36" "mywaywithstyle.com"
147.78.47.249 - - [21/Sep/2022:00:13:04 -0700] "GET /public/_ignition/health-check/ HTTP/1.1" 404 88 "-" "Mozilla/5.0 (Windows NT 10.0; Win64; x64) AppleWebKit/537.36 (KHTML, like Gecko) Chrome/105.0.0.0 Safari/537.36" "mywaywithstyle.com"
147.78.47.249 - - [21/Sep/2022:00:13:06 -0700] "GET /wp-includes/wlwmanifest.xml HTTP/1.1" 404 88 "-" "Mozilla/5.0 (Windows NT 10.0; Win64; x64) AppleWebKit/537.36 (KHTML, like Gecko) Chrome/105.0.0.0 Safari/537.36" "mywaywithstyle.com"
114.119.142.8 - - [21/Sep/2022:00:18:07 -0700] "GET /?C=M%3BO%3DA HTTP/1.1" 200 361 "http://www.mywaywithstyle.com?C=M%3BO%3DA" "Mozilla/5.0 (Linux; Android 7.0;) AppleWebKit/537.36 (KHTML, like Gecko) Mobile Safari/537.36 (compatible; PetalBot;+https://webmaster.petalsearch.com/site/petalbot)" "www.mywaywithstyle.com"
114.119.142.85 - - [21/Sep/2022:00:58:24 -0700] "GET /?C=N%3BO%3DD HTTP/1.1" 200 361 "http://www.mywaywithstyle.com?C=M%3BO%3DA" "Mozilla/5.0 (Linux; Android 7.0;) AppleWebKit/537.36 (KHTML, like Gecko) Mobile Safari/537.36 (compatible; PetalBot;+https://webmaster.petalsearch.com/site/petalbot)" "www.mywaywithstyle.com"
114.119.142.85 - - [21/Sep/2022:01:12:59 -0700] "GET /_private/clients?N=D HTTP/1.1" 301 1424 "https://www.mywaywithstyle.com/_private/clients?N=A" "Mozilla/5.0 (Linux; Android 7.0;) AppleWebKit/537.36 (KHTML, like Gecko) Mobile Safari/537.36 (compatible; PetalBot;+https://webmaster.petalsearch.com/site/petalbot)" "www.mywaywithstyle.com"
114.119.142.85 - - [21/Sep/2022:01:13:00 -0700] "GET /_private/clients/?N=D HTTP/1.1" 200 371 "https://www.mywaywithstyle.com/_private/clients?N=A" "Mozilla/5.0 (Linux; Android 7.0;) AppleWebKit/537.36 (KHTML, like Gecko) Mobile Safari/537.36 (compatible; PetalBot;+https://webmaster.petalsearch.com/site/petalbot)" "www.mywaywithstyle.com"
114.119.142.85 - - [21/Sep/2022:01:26:48 -0700] "GET /_private/clients/?C=S%3BO%3DA HTTP/1.1" 200 371 "https://www.mywaywithstyle.com/_private/clients/?C=D%3BO%3DA" "Mozilla/5.0 (Linux; Android 7.0;) AppleWebKit/537.36 (KHTML, like Gecko) Mobile Safari/537.36 (compatible; PetalBot;+https://webmaster.petalsearch.com/site/petalbot)" "www.mywaywithstyle.com"
114.119.142.8 - - [21/Sep/2022:01:35:40 -0700] "GET /_private/clients/lafiesta%20website?C=S%3BO%3DA HTTP/1.1" 301 1446 "https://www.mywaywithstyle.com/_private/clients/lafiesta%20website?M=D" "Mozilla/5.0 (Linux; Android 7.0;) AppleWebKit/537.36 (KHTML, like Gecko) Mobile Safari/537.36 (compatible; PetalBot;+https://webmaster.petalsearch.com/site/petalbot)" "www.mywaywithstyle.com"
114.119.142.8 - - [21/Sep/2022:01:35:42 -0700] "GET /_private/clients/lafiesta%20website/?C=S%3BO%3DA HTTP/1.1" 200 333 "https://www.mywaywithstyle.com/_private/clients/lafiesta%20website?M=D" "Mozilla/5.0 (Linux; Android 7.0;) AppleWebKit/537.36 (KHTML, like Gecko) Mobile Safari/537.36 (compatible; PetalBot;+https://webmaster.petalsearch.com/site/petalbot)" "www.mywaywithstyle.com"
123.125.109.137 - - [21/Sep/2022:01:44:42 -0700] "GET / HTTP/1.1" 200 361 "-" "Sogou web spider/4.0(+http://www.sogou.com/docs/help/webmasters.htm#07)" "mywaywithstyle.com"
114.119.133.83 - - [21/Sep/2022:01:58:05 -0700] "GET /robots.txt HTTP/1.1" 404 88 "-" "Mozilla/5.0 (compatible;PetalBot;+https://webmaster.petalsearch.com/site/petalbot)" "mywaywithstyle.com"
162.55.85.222 - - [21/Sep/2022:02:06:04 -0700] "GET /robots.txt HTTP/1.1" 404 88 "-" "Mozilla/5.0 (compatible; BLEXBot/1.0; +http://webmeup-crawler.com/)" "mywaywithstyle.com"
162.55.85.222 - - [21/Sep/2022:02:06:04 -0700] "GET / HTTP/1.1" 200 361 "-" "Mozilla/5.0 (compatible; BLEXBot/1.0; +http://webmeup-crawler.com/)" "mywaywithstyle.com"
114.119.142.73 - - [21/Sep/2022:02:16:59 -0700] "GET /temp%20images/?C=D%3BO%3DA HTTP/1.1" 200 415 "http://mywaywithstyle.com/temp%20images?S=A" "Mozilla/5.0 (Linux; Android 7.0;) AppleWebKit/537.36 (KHTML, like Gecko) Mobile Safari/537.36 (compatible; PetalBot;+https://webmaster.petalsearch.com/site/petalbot)" "mywaywithstyle.com"
61.135.159.126 - - [21/Sep/2022:02:35:15 -0700] "GET / HTTP/1.1" 200 361 "-" "Sogou web spider/4.0(+http://www.sogou.com/docs/help/webmasters.htm#07)" "www.mywaywithstyle.com"
114.119.142.73 - - [21/Sep/2022:04:37:41 -0700] "GET /temp%20images?M=A HTTP/1.1" 301 1417 "-" "Mozilla/5.0 (Linux; Android 7.0;) AppleWebKit/537.36 (KHTML, like Gecko) Mobile Safari/537.36 (compatible; PetalBot;+https://webmaster.petalsearch.com/site/petalbot)" "mywaywithstyle.com"
114.119.142.73 - - [21/Sep/2022:04:37:43 -0700] "GET /temp%20images/?M=A HTTP/1.1" 200 415 "-" "Mozilla/5.0 (Linux; Android 7.0;) AppleWebKit/537.36 (KHTML, like Gecko) Mobile Safari/537.36 (compatible; PetalBot;+https://webmaster.petalsearch.com/site/petalbot)" "mywaywithstyle.com"
114.119.132.36 - - [21/Sep/2022:04:37:47 -0700] "GET /robots.txt HTTP/1.1" 404 88 "-" "Mozilla/5.0 (compatible;PetalBot;+https://webmaster.petalsearch.com/site/petalbot)" "www.mywaywithstyle.com"
114.119.142.73 - - [21/Sep/2022:05:02:31 -0700] "GET /?C=D%3BO%3DA HTTP/1.1" 200 361 "http://www.mywaywithstyle.com?C=M%3BO%3DA" "Mozilla/5.0 (Linux; Android 7.0;) AppleWebKit/537.36 (KHTML, like Gecko) Mobile Safari/537.36 (compatible; PetalBot;+https://webmaster.petalsearch.com/site/petalbot)" "www.mywaywithstyle.com"
209.73.183.17 - - [21/Sep/2022:05:06:37 -0700] "GET /schools/572/schedule/subscribe HTTP/1.1" 404 88 "-" "YahooMailProxy; https://help.yahoo.com/kb/yahoo-mail-proxy-SLN28749.html" "mywaywithstyle.com"
209.73.183.23 - - [21/Sep/2022:05:07:38 -0700] "GET /schools/572/schedule/subscribe HTTP/1.1" 404 88 "-" "YahooMailProxy; https://help.yahoo.com/kb/yahoo-mail-proxy-SLN28749.html" "mywaywithstyle.com"
114.119.142.73 - - [21/Sep/2022:05:09:59 -0700] "GET /_private?N=A HTTP/1.1" 301 1416 "https://www.mywaywithstyle.com/_private?S=A" "Mozilla/5.0 (Linux; Android 7.0;) AppleWebKit/537.36 (KHTML, like Gecko) Mobile Safari/537.36 (compatible; PetalBot;+https://webmaster.petalsearch.com/site/petalbot)" "www.mywaywithstyle.com"
114.119.142.73 - - [21/Sep/2022:05:10:01 -0700] "GET /_private/?N=A HTTP/1.1" 200 352 "https://www.mywaywithstyle.com/_private?S=A" "Mozilla/5.0 (Linux; Android 7.0;) AppleWebKit/537.36 (KHTML, like Gecko) Mobile Safari/537.36 (compatible; PetalBot;+https://webmaster.petalsearch.com/site/petalbot)" "www.mywaywithstyle.com"
114.119.142.84 - - [21/Sep/2022:05:17:37 -0700] "GET /_private/clients/lafiesta%20website/?C=D%3BO%3DA HTTP/1.1" 200 333 "http://www.mywaywithstyle.com/_private/clients/lafiesta%20website?C=N%3BO%3DD" "Mozilla/5.0 (Linux; Android 7.0;) AppleWebKit/537.36 (KHTML, like Gecko) Mobile Safari/537.36 (compatible; PetalBot;+https://webmaster.petalsearch.com/site/petalbot)" "www.mywaywithstyle.com"
114.119.142.8 - - [21/Sep/2022:05:25:11 -0700] "GET /_private/clients?C=D%3BO%3DA HTTP/1.1" 301 1433 "https://www.mywaywithstyle.com/_private/clients?M=D" "Mozilla/5.0 (Linux; Android 7.0;) AppleWebKit/537.36 (KHTML, like Gecko) Mobile Safari/537.36 (compatible; PetalBot;+https://webmaster.petalsearch.com/site/petalbot)" "www.mywaywithstyle.com"
114.119.142.8 - - [21/Sep/2022:05:25:12 -0700] "GET /_private/clients/?C=D%3BO%3DA HTTP/1.1" 200 371 "https://www.mywaywithstyle.com/_private/clients?M=D" "Mozilla/5.0 (Linux; Android 7.0;) AppleWebKit/537.36 (KHTML, like Gecko) Mobile Safari/537.36 (compatible; PetalBot;+https://webmaster.petalsearch.com/site/petalbot)" "www.mywaywithstyle.com"
114.119.142.85 - - [21/Sep/2022:05:32:41 -0700] "GET /temp%20images?M=A HTTP/1.1" 301 1422 "https://www.mywaywithstyle.com/temp%20images?N=A" "Mozilla/5.0 (Linux; Android 7.0;) AppleWebKit/537.36 (KHTML, like Gecko) Mobile Safari/537.36 (compatible; PetalBot;+https://webmaster.petalsearch.com/site/petalbot)" "www.mywaywithstyle.com"
114.119.142.85 - - [21/Sep/2022:05:32:42 -0700] "GET /temp%20images/?M=A HTTP/1.1" 200 415 "https://www.mywaywithstyle.com/temp%20images?N=A" "Mozilla/5.0 (Linux; Android 7.0;) AppleWebKit/537.36 (KHTML, like Gecko) Mobile Safari/537.36 (compatible; PetalBot;+https://webmaster.petalsearch.com/site/petalbot)" "www.mywaywithstyle.com"
118.184.177.76 - - [21/Sep/2022:05:34:48 -0700] "GET / HTTP/1.1" 200 361 "-" "Sogou web spider/4.0(+http://www.sogou.com/docs/help/webmasters.htm#07)" "www.mywaywithstyle.com"
42.236.10.76 - - [21/Sep/2022:05:35:36 -0700] "GET / HTTP/1.1" 200 361 "http://mywaywithstyle.com/" "Mozilla/5.0 (Windows NT 6.1; WOW64) AppleWebKit/537.36 (KHTML, like Gecko) Chrome/50.0.2661.102 Safari/537.36; 360Spider" "mywaywithstyle.com"
114.119.142.73 - - [21/Sep/2022:05:40:04 -0700] "GET /temp%20images?N=A HTTP/1.1" 301 1422 "https://www.mywaywithstyle.com/temp%20images?M=A" "Mozilla/5.0 (Linux; Android 7.0;) AppleWebKit/537.36 (KHTML, like Gecko) Mobile Safari/537.36 (compatible; PetalBot;+https://webmaster.petalsearch.com/site/petalbot)" "www.mywaywithstyle.com"
114.119.142.73 - - [21/Sep/2022:05:40:05 -0700] "GET /temp%20images/?N=A HTTP/1.1" 200 415 "https://www.mywaywithstyle.com/temp%20images?M=A" "Mozilla/5.0 (Linux; Android 7.0;) AppleWebKit/537.36 (KHTML, like Gecko) Mobile Safari/537.36 (compatible; PetalBot;+https://webmaster.petalsearch.com/site/petalbot)" "www.mywaywithstyle.com"
114.119.142.73 - - [21/Sep/2022:05:47:29 -0700] "GET /?C=S%3BO%3DA HTTP/1.1" 200 361 "http://mywaywithstyle.com/" "Mozilla/5.0 (Linux; Android 7.0;) AppleWebKit/537.36 (KHTML, like Gecko) Mobile Safari/537.36 (compatible; PetalBot;+https://webmaster.petalsearch.com/site/petalbot)" "mywaywithstyle.com"
114.119.142.84 - - [21/Sep/2022:05:55:05 -0700] "GET /_private/clients HTTP/1.1" 301 1419 "http://www.mywaywithstyle.com/_private?N=A" "Mozilla/5.0 (Linux; Android 7.0;) AppleWebKit/537.36 (KHTML, like Gecko) Mobile Safari/537.36 (compatible; PetalBot;+https://webmaster.petalsearch.com/site/petalbot)" "www.mywaywithstyle.com"
114.119.142.84 - - [21/Sep/2022:05:55:05 -0700] "GET /_private/clients/ HTTP/1.1" 200 371 "http://www.mywaywithstyle.com/_private?N=A" "Mozilla/5.0 (Linux; Android 7.0;) AppleWebKit/537.36 (KHTML, like Gecko) Mobile Safari/537.36 (compatible; PetalBot;+https://webmaster.petalsearch.com/site/petalbot)" "www.mywaywithstyle.com"
114.119.142.8 - - [21/Sep/2022:07:07:56 -0700] "GET /_private/clients/lafiesta%20website?C=S%3BO%3DA HTTP/1.1" 301 1441 "http://mywaywithstyle.com/_private/clients/lafiesta%20website?N=D" "Mozilla/5.0 (Linux; Android 7.0;) AppleWebKit/537.36 (KHTML, like Gecko) Mobile Safari/537.36 (compatible; PetalBot;+https://webmaster.petalsearch.com/site/petalbot)" "mywaywithstyle.com"
114.119.154.5 - - [21/Sep/2022:07:48:24 -0700] "GET /?C=S%3BO%3DA HTTP/1.1" 200 361 "https://www.mywaywithstyle.com?C=M%3BO%3DA" "Mozilla/5.0 (Linux; Android 7.0;) AppleWebKit/537.36 (KHTML, like Gecko) Mobile Safari/537.36 (compatible; PetalBot;+https://webmaster.petalsearch.com/site/petalbot)" "www.mywaywithstyle.com"
194.38.20.161 - - [21/Sep/2022:07:55:50 -0700] "GET /wp-content/themes/konzept/style.css HTTP/1.1" 404 73 "-" "ALittle Client" "mywaywithstyle.com"
114.119.142.8 - - [21/Sep/2022:07:57:23 -0700] "GET /_private/clients?N=D HTTP/1.1" 301 1418 "-" "Mozilla/5.0 (Linux; Android 7.0;) AppleWebKit/537.36 (KHTML, like Gecko) Mobile Safari/537.36 (compatible; PetalBot;+https://webmaster.petalsearch.com/site/petalbot)" "mywaywithstyle.com"
114.119.142.8 - - [21/Sep/2022:07:57:24 -0700] "GET /_private/clients/?N=D HTTP/1.1" 200 371 "-" "Mozilla/5.0 (Linux; Android 7.0;) AppleWebKit/537.36 (KHTML, like Gecko) Mobile Safari/537.36 (compatible; PetalBot;+https://webmaster.petalsearch.com/site/petalbot)" "mywaywithstyle.com"
24.77.131.105 - - [21/Sep/2022:08:11:15 -0700] "GET /home HTTP/1.1" 404 88 "-" "Mozilla/5.0 (Macintosh; Intel Mac OS X 10_15_7) AppleWebKit/605.1.15 (KHTML, like Gecko)" "www.mywaywithstyle.com"
24.77.131.105 - - [21/Sep/2022:08:11:15 -0700] "GET /apple-touch-icon-precomposed.png HTTP/1.1" 404 88 "-" "Safari/16614.1.25.9.10 CFNetwork/1240.0.4 Darwin/20.6.0" "www.mywaywithstyle.com"
24.77.131.105 - - [21/Sep/2022:08:11:16 -0700] "GET /apple-touch-icon.png HTTP/1.1" 404 88 "-" "Safari/16614.1.25.9.10 CFNetwork/1240.0.4 Darwin/20.6.0" "www.mywaywithstyle.com"
24.77.131.105 - - [21/Sep/2022:08:11:16 -0700] "GET /favicon.ico HTTP/1.1" 404 88 "-" "Safari/16614.1.25.9.10 CFNetwork/1240.0.4 Darwin/20.6.0" "www.mywaywithstyle.com"
24.77.131.105 - - [21/Sep/2022:08:11:16 -0700] "GET /apple-touch-icon-precomposed.png HTTP/1.1" 404 88 "-" "Safari/16614.1.25.9.10 CFNetwork/1240.0.4 Darwin/20.6.0" "www.mywaywithstyle.com"
24.77.131.105 - - [21/Sep/2022:08:11:16 -0700] "GET /apple-touch-icon.png HTTP/1.1" 404 88 "-" "Safari/16614.1.25.9.10 CFNetwork/1240.0.4 Darwin/20.6.0" "www.mywaywithstyle.com"
24.77.131.105 - - [21/Sep/2022:08:11:16 -0700] "GET /favicon.ico HTTP/1.1" 404 88 "-" "Safari/16614.1.25.9.10 CFNetwork/1240.0.4 Darwin/20.6.0" "www.mywaywithstyle.com"
24.77.131.105 - - [21/Sep/2022:08:11:16 -0700] "GET /home HTTP/1.1" 404 88 "-" "Mozilla/5.0 (iPhone; CPU iPhone OS 16_0 like Mac OS X) AppleWebKit/605.1.15 (KHTML, like Gecko) Version/16.0 Mobile/15E148 Safari/604.1" "www.mywaywithstyle.com"
24.77.131.105 - - [21/Sep/2022:08:11:16 -0700] "GET /apple-touch-icon-precomposed.png HTTP/1.1" 404 88 "-" "Safari/16614.1.25.9.10 CFNetwork/1240.0.4 Darwin/20.6.0" "www.mywaywithstyle.com"
24.77.131.105 - - [21/Sep/2022:08:11:16 -0700] "GET /apple-touch-icon.png HTTP/1.1" 404 88 "-" "Safari/16614.1.25.9.10 CFNetwork/1240.0.4 Darwin/20.6.0" "www.mywaywithstyle.com"
24.77.131.105 - - [21/Sep/2022:08:11:16 -0700] "GET /favicon.ico HTTP/1.1" 404 88 "-" "Safari/16614.1.25.9.10 CFNetwork/1240.0.4 Darwin/20.6.0" "www.mywaywithstyle.com"
24.77.131.105 - - [21/Sep/2022:08:11:16 -0700] "GET /apple-touch-icon-precomposed.png HTTP/1.1" 404 88 "-" "Safari/16614.1.25.9.10 CFNetwork/1240.0.4 Darwin/20.6.0" "www.mywaywithstyle.com"
24.77.131.105 - - [21/Sep/2022:08:11:16 -0700] "GET /apple-touch-icon.png HTTP/1.1" 404 88 "-" "Safari/16614.1.25.9.10 CFNetwork/1240.0.4 Darwin/20.6.0" "www.mywaywithstyle.com"
24.77.131.105 - - [21/Sep/2022:08:11:16 -0700] "GET /favicon.ico HTTP/1.1" 404 88 "-" "Safari/16614.1.25.9.10 CFNetwork/1240.0.4 Darwin/20.6.0" "www.mywaywithstyle.com"
114.119.142.8 - - [21/Sep/2022:08:17:27 -0700] "GET /_private/clients/lafiesta%20website?N=D HTTP/1.1" 301 1432 "-" "Mozilla/5.0 (Linux; Android 7.0;) AppleWebKit/537.36 (KHTML, like Gecko) Mobile Safari/537.36 (compatible; PetalBot;+https://webmaster.petalsearch.com/site/petalbot)" "mywaywithstyle.com"
114.119.142.8 - - [21/Sep/2022:08:17:29 -0700] "GET /_private/clients/lafiesta%20website/?N=D HTTP/1.1" 200 333 "-" "Mozilla/5.0 (Linux; Android 7.0;) AppleWebKit/537.36 (KHTML, like Gecko) Mobile Safari/537.36 (compatible; PetalBot;+https://webmaster.petalsearch.com/site/petalbot)" "mywaywithstyle.com"
114.119.142.73 - - [21/Sep/2022:08:27:07 -0700] "GET /_private?N=A HTTP/1.1" 301 1414 "-" "Mozilla/5.0 (Linux; Android 7.0;) AppleWebKit/537.36 (KHTML, like Gecko) Mobile Safari/537.36 (compatible; PetalBot;+https://webmaster.petalsearch.com/site/petalbot)" "mywaywithstyle.com"
114.119.142.73 - - [21/Sep/2022:08:27:07 -0700] "GET /_private/?N=A HTTP/1.1" 200 352 "-" "Mozilla/5.0 (Linux; Android 7.0;) AppleWebKit/537.36 (KHTML, like Gecko) Mobile Safari/537.36 (compatible; PetalBot;+https://webmaster.petalsearch.com/site/petalbot)" "mywaywithstyle.com"
51.15.183.168 - - [21/Sep/2022:08:42:34 -0700] "GET /includes/fckeditor/editor/filemanager/browser/default/connectors/php/connector.php?Command=GetFoldersAndFiles&Type=File&CurrentFolder=%2F HTTP/1.1" 404 73 "-" "Mozilla/5.0 (Windows NT 6.3; Win64; x64) AppleWebKit/537.36 (KHTML, like Gecko) Chrome/75.0.3770.100 Safari/537.36" "mywaywithstyle.com"
114.119.143.18 - - [21/Sep/2022:09:49:09 -0700] "GET /?D=A HTTP/1.1" 200 361 "-" "Mozilla/5.0 (Linux; Android 7.0;) AppleWebKit/537.36 (KHTML, like Gecko) Mobile Safari/537.36 (compatible; PetalBot;+https://webmaster.petalsearch.com/site/petalbot)" "www.mywaywithstyle.com"
114.119.142.84 - - [21/Sep/2022:09:56:34 -0700] "GET /?C=M%3BO%3DA HTTP/1.1" 200 361 "http://mywaywithstyle.com/" "Mozilla/5.0 (Linux; Android 7.0;) AppleWebKit/537.36 (KHTML, like Gecko) Mobile Safari/537.36 (compatible; PetalBot;+https://webmaster.petalsearch.com/site/petalbot)" "mywaywithstyle.com"
114.119.142.73 - - [21/Sep/2022:10:03:19 -0700] "GET /_private/clients/lafiesta%20website?D=A HTTP/1.1" 301 1438 "https://www.mywaywithstyle.com/_private/clients/lafiesta%20website?S=D" "Mozilla/5.0 (Linux; Android 7.0;) AppleWebKit/537.36 (KHTML, like Gecko) Mobile Safari/537.36 (compatible; PetalBot;+https://webmaster.petalsearch.com/site/petalbot)" "www.mywaywithstyle.com"
114.119.142.73 - - [21/Sep/2022:10:03:20 -0700] "GET /_private/clients/lafiesta%20website/?D=A HTTP/1.1" 200 333 "https://www.mywaywithstyle.com/_private/clients/lafiesta%20website?S=D" "Mozilla/5.0 (Linux; Android 7.0;) AppleWebKit/537.36 (KHTML, like Gecko) Mobile Safari/537.36 (compatible; PetalBot;+https://webmaster.petalsearch.com/site/petalbot)" "www.mywaywithstyle.com"
114.119.142.84 - - [21/Sep/2022:10:10:08 -0700] "GET /_private/ HTTP/1.1" 200 352 "https://www.mywaywithstyle.com/_private/clients?M=D" "Mozilla/5.0 (compatible;PetalBot;+https://webmaster.petalsearch.com/site/petalbot)" "www.mywaywithstyle.com"
114.119.142.84 - - [21/Sep/2022:10:16:58 -0700] "GET /_private/clients?S=A HTTP/1.1" 301 1423 "https://www.mywaywithstyle.com/_private/clients?N=D" "Mozilla/5.0 (Linux; Android 7.0;) AppleWebKit/537.36 (KHTML, like Gecko) Mobile Safari/537.36 (compatible; PetalBot;+https://webmaster.petalsearch.com/site/petalbot)" "www.mywaywithstyle.com"
114.119.142.84 - - [21/Sep/2022:10:16:59 -0700] "GET /_private/clients/?S=A HTTP/1.1" 200 371 "https://www.mywaywithstyle.com/_private/clients?N=D" "Mozilla/5.0 (Linux; Android 7.0;) AppleWebKit/537.36 (KHTML, like Gecko) Mobile Safari/537.36 (compatible; PetalBot;+https://webmaster.petalsearch.com/site/petalbot)" "www.mywaywithstyle.com"
114.119.142.8 - - [21/Sep/2022:10:24:01 -0700] "GET /temp%20images/?C=S%3BO%3DA HTTP/1.1" 200 415 "https://www.mywaywithstyle.com/temp%20images/?C=N%3BO%3DD" "Mozilla/5.0 (Linux; Android 7.0;) AppleWebKit/537.36 (KHTML, like Gecko) Mobile Safari/537.36 (compatible; PetalBot;+https://webmaster.petalsearch.com/site/petalbot)" "www.mywaywithstyle.com"
211.176.125.70 - - [21/Sep/2022:12:22:35 -0700] "GET / HTTP/1.1" 200 361 "-" "Mozilla/5.0 (compatible; MSIE 10.0; Windows NT 6.2; Trident/6.0)" "mywaywithstyle.com"
114.119.142.84 - - [21/Sep/2022:13:53:56 -0700] "GET /_private?C=N%3BO%3DD HTTP/1.1" 301 1422 "http://mywaywithstyle.com/_private?S=D" "Mozilla/5.0 (Linux; Android 7.0;) AppleWebKit/537.36 (KHTML, like Gecko) Mobile Safari/537.36 (compatible; PetalBot;+https://webmaster.petalsearch.com/site/petalbot)" "mywaywithstyle.com"
114.119.142.84 - - [21/Sep/2022:13:53:56 -0700] "GET /_private/?C=N%3BO%3DD HTTP/1.1" 200 352 "http://mywaywithstyle.com/_private?S=D" "Mozilla/5.0 (Linux; Android 7.0;) AppleWebKit/537.36 (KHTML, like Gecko) Mobile Safari/537.36 (compatible; PetalBot;+https://webmaster.petalsearch.com/site/petalbot)" "mywaywithstyle.com"
114.119.142.85 - - [21/Sep/2022:14:00:50 -0700] "GET / HTTP/1.1" 200 361 "https://www.mywaywithstyle.com/_private?M=D" "Mozilla/5.0 (Linux; Android 7.0;) AppleWebKit/537.36 (KHTML, like Gecko) Mobile Safari/537.36 (compatible; PetalBot;+https://webmaster.petalsearch.com/site/petalbot)" "www.mywaywithstyle.com"
114.119.142.84 - - [21/Sep/2022:14:07:48 -0700] "GET /_private/clients?M=A HTTP/1.1" 301 1418 "-" "Mozilla/5.0 (Linux; Android 7.0;) AppleWebKit/537.36 (KHTML, like Gecko) Mobile Safari/537.36 (compatible; PetalBot;+https://webmaster.petalsearch.com/site/petalbot)" "mywaywithstyle.com"
114.119.142.84 - - [21/Sep/2022:14:07:48 -0700] "GET /_private/clients/?M=A HTTP/1.1" 200 371 "-" "Mozilla/5.0 (Linux; Android 7.0;) AppleWebKit/537.36 (KHTML, like Gecko) Mobile Safari/537.36 (compatible; PetalBot;+https://webmaster.petalsearch.com/site/petalbot)" "mywaywithstyle.com"
114.119.142.8 - - [21/Sep/2022:14:32:28 -0700] "GET /_private/clients?C=M%3BO%3DA HTTP/1.1" 301 1429 "https://www.mywaywithstyle.com/_private/clients?C=D%3BO%3DA" "Mozilla/5.0 (Linux; Android 7.0;) AppleWebKit/537.36 (KHTML, like Gecko) Mobile Safari/537.36 (compatible; PetalBot;+https://webmaster.petalsearch.com/site/petalbot)" "www.mywaywithstyle.com"
114.119.142.8 - - [21/Sep/2022:14:32:29 -0700] "GET /_private/clients/?C=M%3BO%3DA HTTP/1.1" 200 371 "https://www.mywaywithstyle.com/_private/clients?C=D%3BO%3DA" "Mozilla/5.0 (Linux; Android 7.0;) AppleWebKit/537.36 (KHTML, like Gecko) Mobile Safari/537.36 (compatible; PetalBot;+https://webmaster.petalsearch.com/site/petalbot)" "www.mywaywithstyle.com"
183.136.225.44 - - [21/Sep/2022:15:00:51 -0700] "GET / HTTP/1.1" 200 703 "-" "Mozilla/5.0 (Macintosh; Intel Mac OS X 10.11; rv:47.0) Gecko/20100101 Firefox/47.0" "www.mywaywithstyle.com"
183.136.225.44 - - [21/Sep/2022:15:01:02 -0700] "GET / HTTP/1.1" 200 361 "-" "Mozilla/5.0 (Windows NT 6.1; WOW64) AppleWebKit/537.36 (KHTML, like Gecko) Chrome/63.0.3239.132 Safari/537.36 QIHU 360SE" "www.mywaywithstyle.com"
183.136.225.44 - - [21/Sep/2022:15:01:03 -0700] "GET /favicon.ico HTTP/1.1" 404 88 "-" "Mozilla/5.0 (Windows NT 6.1; WOW64) AppleWebKit/537.36 (KHTML, like Gecko) Chrome/63.0.3239.132 Safari/537.36 QIHU 360SE" "www.mywaywithstyle.com"
183.136.225.44 - - [21/Sep/2022:15:01:04 -0700] "GET /robots.txt HTTP/1.1" 404 88 "-" "Mozilla/5.0 (Windows NT 6.1; WOW64) AppleWebKit/537.36 (KHTML, like Gecko) Chrome/63.0.3239.132 Safari/537.36 QIHU 360SE" "www.mywaywithstyle.com"
183.136.225.44 - - [21/Sep/2022:15:09:39 -0700] "GET / HTTP/1.1" 200 703 "-" "Mozilla/5.0 (Macintosh; Intel Mac OS X 10.11; rv:47.0) Gecko/20100101 Firefox/47.0" "www.mywaywithstyle.com"
183.136.225.44 - - [21/Sep/2022:15:09:50 -0700] "GET / HTTP/1.1" 200 361 "-" "Mozilla/5.0 (Windows NT 6.1; WOW64) AppleWebKit/537.36 (KHTML, like Gecko) Chrome/63.0.3239.132 Safari/537.36 QIHU 360SE" "www.mywaywithstyle.com"
183.136.225.44 - - [21/Sep/2022:15:09:51 -0700] "GET /favicon.ico HTTP/1.1" 404 88 "-" "Mozilla/5.0 (Windows NT 6.1; WOW64) AppleWebKit/537.36 (KHTML, like Gecko) Chrome/63.0.3239.132 Safari/537.36 QIHU 360SE" "www.mywaywithstyle.com"
183.136.225.44 - - [21/Sep/2022:15:09:51 -0700] "GET /robots.txt HTTP/1.1" 404 88 "-" "Mozilla/5.0 (Windows NT 6.1; WOW64) AppleWebKit/537.36 (KHTML, like Gecko) Chrome/63.0.3239.132 Safari/537.36 QIHU 360SE" "www.mywaywithstyle.com"
34.217.114.196 - - [21/Sep/2022:15:11:23 -0700] "GET / HTTP/1.1" 200 361 "-" "Mozilla/5.0 (X11; Linux x86_64) AppleWebKit/537.36 (KHTML, like Gecko) Chrome/83.0.4103.97 Safari/537.36" "www.mywaywithstyle.com"
34.221.208.98 - - [21/Sep/2022:15:14:56 -0700] "GET / HTTP/1.1" 200 361 "http://weddingswithstyle.ca" "Mozilla/5.0 (X11; Linux x86_64) AppleWebKit/537.36 (KHTML, like Gecko) Chrome/83.0.4103.97 Safari/537.36" "www.mywaywithstyle.com"
54.212.13.126 - - [21/Sep/2022:15:17:21 -0700] "GET / HTTP/1.1" 200 361 "http://weddingswithstyle.ca" "Mozilla/5.0 (X11; Linux x86_64) AppleWebKit/537.36 (KHTML, like Gecko) Chrome/83.0.4103.97 Safari/537.36" "www.mywaywithstyle.com"
162.55.85.222 - - [21/Sep/2022:15:44:35 -0700] "GET /robots.txt HTTP/1.1" 404 88 "-" "Mozilla/5.0 (compatible; BLEXBot/1.0; +http://webmeup-crawler.com/)" "mywaywithstyle.com"
162.55.85.222 - - [21/Sep/2022:15:44:36 -0700] "GET /sitemap HTTP/1.1" 404 88 "-" "Mozilla/5.0 (compatible; BLEXBot/1.0; +http://webmeup-crawler.com/)" "mywaywithstyle.com"
162.55.85.222 - - [21/Sep/2022:15:44:50 -0700] "GET /sitemap.txt HTTP/1.1" 404 88 "-" "Mozilla/5.0 (compatible; BLEXBot/1.0; +http://webmeup-crawler.com/)" "mywaywithstyle.com"
162.55.85.222 - - [21/Sep/2022:15:45:04 -0700] "GET /?C=D;O=A HTTP/1.1" 200 361 "-" "Mozilla/5.0 (compatible; BLEXBot/1.0; +http://webmeup-crawler.com/)" "mywaywithstyle.com"
162.55.85.222 - - [21/Sep/2022:15:45:17 -0700] "GET /?C=M;O=A HTTP/1.1" 200 363 "-" "Mozilla/5.0 (compatible; BLEXBot/1.0; +http://webmeup-crawler.com/)" "mywaywithstyle.com"
162.55.85.222 - - [21/Sep/2022:15:45:31 -0700] "GET /?C=N;O=D HTTP/1.1" 200 359 "-" "Mozilla/5.0 (compatible; BLEXBot/1.0; +http://webmeup-crawler.com/)" "mywaywithstyle.com"
162.55.85.222 - - [21/Sep/2022:15:45:44 -0700] "GET /?C=S;O=A HTTP/1.1" 200 362 "-" "Mozilla/5.0 (compatible; BLEXBot/1.0; +http://webmeup-crawler.com/)" "mywaywithstyle.com"
162.55.85.222 - - [21/Sep/2022:15:45:58 -0700] "GET /_private/ HTTP/1.1" 200 352 "-" "Mozilla/5.0 (compatible; BLEXBot/1.0; +http://webmeup-crawler.com/)" "mywaywithstyle.com"
162.55.85.222 - - [21/Sep/2022:15:46:11 -0700] "GET /temp%20images/ HTTP/1.1" 200 415 "-" "Mozilla/5.0 (compatible; BLEXBot/1.0; +http://webmeup-crawler.com/)" "mywaywithstyle.com"
35.84.212.14 - - [21/Sep/2022:16:37:39 -0700] "GET / HTTP/1.1" 200 361 "-" "Mozilla/5.0 (Windows NT 6.1; WOW64; rv:14.0) Gecko/20100101 Firefox/13.0.1" "mywaywithstyle.com"
54.218.15.234 - - [21/Sep/2022:16:37:39 -0700] "GET /favicon.ico HTTP/1.1" 404 88 "-" "Mozilla/5.0 (Windows NT 6.1; WOW64; rv:14.0) Gecko/20100101 Firefox/13.0.1" "mywaywithstyle.com"
114.119.132.88 - - [21/Sep/2022:17:22:33 -0700] "GET /robots.txt HTTP/1.1" 404 88 "-" "Mozilla/5.0 (compatible;PetalBot;+https://webmaster.petalsearch.com/site/petalbot)" "mywaywithstyle.com"
114.119.142.85 - - [21/Sep/2022:17:28:02 -0700] "GET /_private/clients?C=N%3BO%3DD HTTP/1.1" 301 1427 "http://mywaywithstyle.com/_private/clients?D=A" "Mozilla/5.0 (Linux; Android 7.0;) AppleWebKit/537.36 (KHTML, like Gecko) Mobile Safari/537.36 (compatible; PetalBot;+https://webmaster.petalsearch.com/site/petalbot)" "mywaywithstyle.com"
114.119.142.85 - - [21/Sep/2022:17:28:04 -0700] "GET /_private/clients/?C=N%3BO%3DD HTTP/1.1" 200 371 "http://mywaywithstyle.com/_private/clients?D=A" "Mozilla/5.0 (Linux; Android 7.0;) AppleWebKit/537.36 (KHTML, like Gecko) Mobile Safari/537.36 (compatible; PetalBot;+https://webmaster.petalsearch.com/site/petalbot)" "mywaywithstyle.com"
114.119.137.195 - - [21/Sep/2022:17:36:57 -0700] "GET /robots.txt HTTP/1.1" 404 88 "-" "Mozilla/5.0 (compatible;PetalBot;+https://webmaster.petalsearch.com/site/petalbot)" "www.mywaywithstyle.com"
14.29.246.47 - - [21/Sep/2022:18:03:08 -0700] "GET / HTTP/1.1" 200 361 "-" "Mozilla/5.0 (iPhone; CPU iPhone OS 13_2_3 like Mac OS X) AppleWebKit/605.1.15 (KHTML, like Gecko) Version/13.0.3 Mobile/15E148 Safari/604.1" "mywaywithstyle.com"
114.119.142.85 - - [21/Sep/2022:18:33:05 -0700] "GET /temp%20images HTTP/1.1" 301 1413 "-" "Mozilla/5.0 (Linux; Android 7.0;) AppleWebKit/537.36 (KHTML, like Gecko) Mobile Safari/537.36 (compatible; PetalBot;+https://webmaster.petalsearch.com/site/petalbot)" "mywaywithstyle.com"
114.119.142.85 - - [21/Sep/2022:18:33:06 -0700] "GET /temp%20images/ HTTP/1.1" 200 415 "-" "Mozilla/5.0 (Linux; Android 7.0;) AppleWebKit/537.36 (KHTML, like Gecko) Mobile Safari/537.36 (compatible; PetalBot;+https://webmaster.petalsearch.com/site/petalbot)" "mywaywithstyle.com"
114.119.142.8 - - [21/Sep/2022:19:33:26 -0700] "GET /_private?C=M%3BO%3DA HTTP/1.1" 301 1423 "http://mywaywithstyle.com/_private?S=D" "Mozilla/5.0 (Linux; Android 7.0;) AppleWebKit/537.36 (KHTML, like Gecko) Mobile Safari/537.36 (compatible; PetalBot;+https://webmaster.petalsearch.com/site/petalbot)" "mywaywithstyle.com"
114.119.142.8 - - [21/Sep/2022:19:33:28 -0700] "GET /_private/?C=M%3BO%3DA HTTP/1.1" 200 352 "http://mywaywithstyle.com/_private?S=D" "Mozilla/5.0 (Linux; Android 7.0;) AppleWebKit/537.36 (KHTML, like Gecko) Mobile Safari/537.36 (compatible; PetalBot;+https://webmaster.petalsearch.com/site/petalbot)" "mywaywithstyle.com"
114.119.142.73 - - [21/Sep/2022:20:45:48 -0700] "GET /_private?C=D%3BO%3DA HTTP/1.1" 301 1428 "https://www.mywaywithstyle.com/_private?S=D" "Mozilla/5.0 (Linux; Android 7.0;) AppleWebKit/537.36 (KHTML, like Gecko) Mobile Safari/537.36 (compatible; PetalBot;+https://webmaster.petalsearch.com/site/petalbot)" "www.mywaywithstyle.com"
