114.119.142.73 - - [21/Sep/2022:20:45:49 -0700] "GET /_private/?C=D%3BO%3DA HTTP/1.1" 200 352 "https://www.mywaywithstyle.com/_private?S=D" "Mozilla/5.0 (Linux; Android 7.0;) AppleWebKit/537.36 (KHTML, like Gecko) Mobile Safari/537.36 (compatible; PetalBot;+https://webmaster.petalsearch.com/site/petalbot)" "www.mywaywithstyle.com"
114.119.142.8 - - [21/Sep/2022:20:51:57 -0700] "GET /temp%20images?M=D HTTP/1.1" 301 1417 "-" "Mozilla/5.0 (Linux; Android 7.0;) AppleWebKit/537.36 (KHTML, like Gecko) Mobile Safari/537.36 (compatible; PetalBot;+https://webmaster.petalsearch.com/site/petalbot)" "mywaywithstyle.com"
114.119.142.8 - - [21/Sep/2022:20:51:58 -0700] "GET /temp%20images/?M=D HTTP/1.1" 200 415 "-" "Mozilla/5.0 (Linux; Android 7.0;) AppleWebKit/537.36 (KHTML, like Gecko) Mobile Safari/537.36 (compatible; PetalBot;+https://webmaster.petalsearch.com/site/petalbot)" "mywaywithstyle.com"
114.119.142.84 - - [21/Sep/2022:21:04:31 -0700] "GET /temp%20images?C=M%3BO%3DA HTTP/1.1" 301 1426 "http://mywaywithstyle.com/temp%20images?C=S%3BO%3DA" "Mozilla/5.0 (Linux; Android 7.0;) AppleWebKit/537.36 (KHTML, like Gecko) Mobile Safari/537.36 (compatible; PetalBot;+https://webmaster.petalsearch.com/site/petalbot)" "mywaywithstyle.com"
114.119.142.84 - - [21/Sep/2022:21:04:31 -0700] "GET /temp%20images/?C=M%3BO%3DA HTTP/1.1" 200 415 "http://mywaywithstyle.com/temp%20images?C=S%3BO%3DA" "Mozilla/5.0 (Linux; Android 7.0;) AppleWebKit/537.36 (KHTML, like Gecko) Mobile Safari/537.36 (compatible; PetalBot;+https://webmaster.petalsearch.com/site/petalbot)" "mywaywithstyle.com"
123.125.109.137 - - [21/Sep/2022:21:46:27 -0700] "GET / HTTP/1.1" 200 361 "-" "Sogou web spider/4.0(+http://www.sogou.com/docs/help/webmasters.htm#07)" "www.mywaywithstyle.com"
118.184.177.73 - - [21/Sep/2022:21:48:01 -0700] "GET / HTTP/1.1" 200 361 "-" "Sogou web spider/4.0(+http://www.sogou.com/docs/help/webmasters.htm#07)" "mywaywithstyle.com"
162.55.85.222 - - [21/Sep/2022:23:12:37 -0700] "GET /robots.txt HTTP/1.1" 404 88 "-" "Mozilla/5.0 (compatible; BLEXBot/1.0; +http://webmeup-crawler.com/)" "mywaywithstyle.com"
162.55.85.222 - - [21/Sep/2022:23:12:40 -0700] "GET /sitemap HTTP/1.1" 404 88 "-" "Mozilla/5.0 (compatible; BLEXBot/1.0; +http://webmeup-crawler.com/)" "mywaywithstyle.com"
162.55.85.222 - - [21/Sep/2022:23:12:45 -0700] "GET /sitemap.txt HTTP/1.1" 404 88 "-" "Mozilla/5.0 (compatible; BLEXBot/1.0; +http://webmeup-crawler.com/)" "mywaywithstyle.com"
162.55.85.222 - - [21/Sep/2022:23:12:49 -0700] "GET /?C=D;O=D HTTP/1.1" 200 359 "-" "Mozilla/5.0 (compatible; BLEXBot/1.0; +http://webmeup-crawler.com/)" "mywaywithstyle.com"
162.55.85.222 - - [21/Sep/2022:23:12:51 -0700] "GET /?C=M;O=D HTTP/1.1" 200 359 "-" "Mozilla/5.0 (compatible; BLEXBot/1.0; +http://webmeup-crawler.com/)" "mywaywithstyle.com"
162.55.85.222 - - [21/Sep/2022:23:12:53 -0700] "GET /?C=N;O=A HTTP/1.1" 200 361 "-" "Mozilla/5.0 (compatible; BLEXBot/1.0; +http://webmeup-crawler.com/)" "mywaywithstyle.com"
162.55.85.222 - - [21/Sep/2022:23:12:55 -0700] "GET /?C=S;O=D HTTP/1.1" 200 359 "-" "Mozilla/5.0 (compatible; BLEXBot/1.0; +http://webmeup-crawler.com/)" "mywaywithstyle.com"
162.55.85.222 - - [21/Sep/2022:23:12:58 -0700] "GET /_private/?C=D;O=A HTTP/1.1" 200 352 "-" "Mozilla/5.0 (compatible; BLEXBot/1.0; +http://webmeup-crawler.com/)" "mywaywithstyle.com"
162.55.85.222 - - [21/Sep/2022:23:13:03 -0700] "GET /_private/?C=M;O=A HTTP/1.1" 200 352 "-" "Mozilla/5.0 (compatible; BLEXBot/1.0; +http://webmeup-crawler.com/)" "mywaywithstyle.com"
162.55.85.222 - - [21/Sep/2022:23:13:05 -0700] "GET /_private/?C=N;O=D HTTP/1.1" 200 350 "-" "Mozilla/5.0 (compatible; BLEXBot/1.0; +http://webmeup-crawler.com/)" "mywaywithstyle.com"
162.55.85.222 - - [21/Sep/2022:23:13:08 -0700] "GET /_private/?C=S;O=A HTTP/1.1" 200 353 "-" "Mozilla/5.0 (compatible; BLEXBot/1.0; +http://webmeup-crawler.com/)" "mywaywithstyle.com"
162.55.85.222 - - [21/Sep/2022:23:13:13 -0700] "GET /_private/clients/ HTTP/1.1" 200 371 "-" "Mozilla/5.0 (compatible; BLEXBot/1.0; +http://webmeup-crawler.com/)" "mywaywithstyle.com"
162.55.85.222 - - [21/Sep/2022:23:13:15 -0700] "GET /temp%20images/?C=D;O=A HTTP/1.1" 200 415 "-" "Mozilla/5.0 (compatible; BLEXBot/1.0; +http://webmeup-crawler.com/)" "mywaywithstyle.com"
162.55.85.222 - - [21/Sep/2022:23:13:17 -0700] "GET /temp%20images/?C=M;O=A HTTP/1.1" 200 415 "-" "Mozilla/5.0 (compatible; BLEXBot/1.0; +http://webmeup-crawler.com/)" "mywaywithstyle.com"
162.55.85.222 - - [21/Sep/2022:23:13:20 -0700] "GET /temp%20images/?C=N;O=D HTTP/1.1" 200 408 "-" "Mozilla/5.0 (compatible; BLEXBot/1.0; +http://webmeup-crawler.com/)" "mywaywithstyle.com"
162.55.85.222 - - [21/Sep/2022:23:13:23 -0700] "GET /temp%20images/?C=S;O=A HTTP/1.1" 200 414 "-" "Mozilla/5.0 (compatible; BLEXBot/1.0; +http://webmeup-crawler.com/)" "mywaywithstyle.com"
188.153.0.191 - - [21/Sep/2022:23:41:49 -0700] "GET / HTTP/1.1" 200 361 "-" "Mozilla/5.0 (Windows NT 10.0; Win64; x64) AppleWebKit/537.36 (KHTML, like Gecko) Chrome/79.0.3945.130 Safari/537.36" "mywaywithstyle.com"
35.90.172.193 - - [21/Sep/2022:23:42:04 -0700] "GET / HTTP/1.1" 200 361 "-" "Mozilla/5.0 (X11; Linux x86_64) AppleWebKit/537.36 (KHTML, like Gecko) Chrome/83.0.4103.97 Safari/537.36" "mywaywithstyle.com"
34.210.166.153 - - [21/Sep/2022:23:42:06 -0700] "GET / HTTP/1.1" 200 361 "-" "Mozilla/5.0 (X11; Linux x86_64) AppleWebKit/537.36 (KHTML, like Gecko) Chrome/83.0.4103.97 Safari/537.36" "mywaywithstyle.com"
54.189.92.160 - - [21/Sep/2022:23:42:18 -0700] "GET /favicon.ico HTTP/1.1" 404 88 "-" "Mozilla/5.0 (X11; Linux x86_64) AppleWebKit/537.36 (KHTML, like Gecko) Chrome/83.0.4103.97 Safari/537.36" "mywaywithstyle.com"
54.189.92.160 - - [21/Sep/2022:23:42:19 -0700] "GET / HTTP/1.1" 200 361 "-" "Mozilla/5.0 (X11; Linux x86_64) AppleWebKit/537.36 (KHTML, like Gecko) Chrome/83.0.4103.97 Safari/537.36" "mywaywithstyle.com"
54.191.2.200 - - [21/Sep/2022:23:42:22 -0700] "GET /favicon.ico HTTP/1.1" 404 88 "-" "Mozilla/5.0 (X11; Linux x86_64) AppleWebKit/537.36 (KHTML, like Gecko) Chrome/83.0.4103.97 Safari/537.36" "mywaywithstyle.com"
54.191.2.200 - - [21/Sep/2022:23:42:28 -0700] "GET / HTTP/1.1" 200 361 "-" "Mozilla/5.0 (X11; Linux x86_64) AppleWebKit/537.36 (KHTML, like Gecko) Chrome/83.0.4103.97 Safari/537.36" "mywaywithstyle.com"
114.119.142.73 - - [21/Sep/2022:23:43:04 -0700] "GET /_private/clients?C=N%3BO%3DD HTTP/1.1" 301 1433 "https://www.mywaywithstyle.com/_private/clients?C=D%3BO%3DA" "Mozilla/5.0 (Linux; Android 7.0;) AppleWebKit/537.36 (KHTML, like Gecko) Mobile Safari/537.36 (compatible; PetalBot;+https://webmaster.petalsearch.com/site/petalbot)" "www.mywaywithstyle.com"
114.119.142.73 - - [21/Sep/2022:23:43:05 -0700] "GET /_private/clients/?C=N%3BO%3DD HTTP/1.1" 200 371 "https://www.mywaywithstyle.com/_private/clients?C=D%3BO%3DA" "Mozilla/5.0 (Linux; Android 7.0;) AppleWebKit/537.36 (KHTML, like Gecko) Mobile Safari/537.36 (compatible; PetalBot;+https://webmaster.petalsearch.com/site/petalbot)" "www.mywaywithstyle.com"
34.216.75.68 - - [21/Sep/2022:23:45:18 -0700] "GET /favicon.ico HTTP/1.1" 404 88 "-" "Mozilla/5.0 (X11; Linux x86_64) AppleWebKit/537.36 (KHTML, like Gecko) Chrome/83.0.4103.97 Safari/537.36" "mywaywithstyle.com"
137.226.113.44 - - [21/Sep/2022:23:50:20 -0700] "GET / HTTP/1.1" 200 361 "-" "Mozilla/5.0 zgrab/0.x (compatible; Researchscan/http; +http://researchscan.comsys.rwth-aachen.de)" "www.mywaywithstyle.com"
114.119.142.84 - - [21/Sep/2022:23:53:32 -0700] "GET /?C=S%3BO%3DA HTTP/1.1" 200 361 "http://www.mywaywithstyle.com/?C=M%3BO%3DA" "Mozilla/5.0 (Linux; Android 7.0;) AppleWebKit/537.36 (KHTML, like Gecko) Mobile Safari/537.36 (compatible; PetalBot;+https://webmaster.petalsearch.com/site/petalbot)" "www.mywaywithstyle.com"
114.119.142.8 - - [22/Sep/2022:00:05:25 -0700] "GET /_private HTTP/1.1" 301 1409 "-" "Mozilla/5.0 (Linux; Android 7.0;) AppleWebKit/537.36 (KHTML, like Gecko) Mobile Safari/537.36 (compatible; PetalBot;+https://webmaster.petalsearch.com/site/petalbot)" "mywaywithstyle.com"
114.119.142.8 - - [22/Sep/2022:00:05:25 -0700] "GET /_private/ HTTP/1.1" 200 352 "-" "Mozilla/5.0 (Linux; Android 7.0;) AppleWebKit/537.36 (KHTML, like Gecko) Mobile Safari/537.36 (compatible; PetalBot;+https://webmaster.petalsearch.com/site/petalbot)" "mywaywithstyle.com"
114.119.142.73 - - [22/Sep/2022:00:11:03 -0700] "GET /_private/clients?C=S%3BO%3DA HTTP/1.1" 301 1433 "https://www.mywaywithstyle.com/_private/clients?C=D%3BO%3DA" "Mozilla/5.0 (Linux; Android 7.0;) AppleWebKit/537.36 (KHTML, like Gecko) Mobile Safari/537.36 (compatible; PetalBot;+https://webmaster.petalsearch.com/site/petalbot)" "www.mywaywithstyle.com"
114.119.142.73 - - [22/Sep/2022:00:11:05 -0700] "GET /_private/clients/?C=S%3BO%3DA HTTP/1.1" 200 371 "https://www.mywaywithstyle.com/_private/clients?C=D%3BO%3DA" "Mozilla/5.0 (Linux; Android 7.0;) AppleWebKit/537.36 (KHTML, like Gecko) Mobile Safari/537.36 (compatible; PetalBot;+https://webmaster.petalsearch.com/site/petalbot)" "www.mywaywithstyle.com"
114.119.142.8 - - [22/Sep/2022:00:16:32 -0700] "GET /_private/clients/lafiesta%20website?S=D HTTP/1.1" 301 1437 "https://www.mywaywithstyle.com/_private/clients/lafiesta%20website?S=A" "Mozilla/5.0 (Linux; Android 7.0;) AppleWebKit/537.36 (KHTML, like Gecko) Mobile Safari/537.36 (compatible; PetalBot;+https://webmaster.petalsearch.com/site/petalbot)" "www.mywaywithstyle.com"
114.119.142.8 - - [22/Sep/2022:00:16:33 -0700] "GET /_private/clients/lafiesta%20website/?S=D HTTP/1.1" 200 333 "https://www.mywaywithstyle.com/_private/clients/lafiesta%20website?S=A" "Mozilla/5.0 (Linux; Android 7.0;) AppleWebKit/537.36 (KHTML, like Gecko) Mobile Safari/537.36 (compatible; PetalBot;+https://webmaster.petalsearch.com/site/petalbot)" "www.mywaywithstyle.com"
114.119.142.84 - - [22/Sep/2022:00:22:05 -0700] "GET /_private/clients/lafiesta%20website?N=A HTTP/1.1" 301 1438 "https://www.mywaywithstyle.com/_private/clients/lafiesta%20website?S=D" "Mozilla/5.0 (Linux; Android 7.0;) AppleWebKit/537.36 (KHTML, like Gecko) Mobile Safari/537.36 (compatible; PetalBot;+https://webmaster.petalsearch.com/site/petalbot)" "www.mywaywithstyle.com"
114.119.142.84 - - [22/Sep/2022:00:22:05 -0700] "GET /_private/clients/lafiesta%20website/?N=A HTTP/1.1" 200 333 "https://www.mywaywithstyle.com/_private/clients/lafiesta%20website?S=D" "Mozilla/5.0 (Linux; Android 7.0;) AppleWebKit/537.36 (KHTML, like Gecko) Mobile Safari/537.36 (compatible; PetalBot;+https://webmaster.petalsearch.com/site/petalbot)" "www.mywaywithstyle.com"
61.135.159.126 - - [22/Sep/2022:01:29:02 -0700] "GET / HTTP/1.1" 200 361 "-" "Sogou web spider/4.0(+http://www.sogou.com/docs/help/webmasters.htm#07)" "mywaywithstyle.com"
114.119.139.59 - - [22/Sep/2022:02:40:58 -0700] "GET /robots.txt HTTP/1.1" 404 88 "-" "Mozilla/5.0 (compatible;PetalBot;+https://webmaster.petalsearch.com/site/petalbot)" "mywaywithstyle.com"
49.7.20.92 - - [22/Sep/2022:02:44:45 -0700] "GET / HTTP/1.1" 200 361 "-" "Sogou web spider/4.0(+http://www.sogou.com/docs/help/webmasters.htm#07)" "www.mywaywithstyle.com"
3.94.107.173 - - [22/Sep/2022:03:10:12 -0700] "GET / HTTP/1.1" 200 361 "-" "Apache-HttpClient/4.5.9 (Java/1.8.0_342)" "mywaywithstyle.com"
114.119.142.73 - - [22/Sep/2022:04:38:35 -0700] "GET /_private/clients/lafiesta%20website/?C=D%3BO%3DA HTTP/1.1" 200 333 "http://mywaywithstyle.com/_private/clients/lafiesta%20website?N=D" "Mozilla/5.0 (Linux; Android 7.0;) AppleWebKit/537.36 (KHTML, like Gecko) Mobile Safari/537.36 (compatible; PetalBot;+https://webmaster.petalsearch.com/site/petalbot)" "mywaywithstyle.com"
92.184.102.210 - - [22/Sep/2022:04:44:05 -0700] "GET /decors-adhesifs-pour-ongles-coeur-jewel.html HTTP/1.1" 404 88 "http://api.orangemail.orange.fr/" "Mozilla/5.0 (Linux; Android 12; SM-A528B Build/SP1A.210812.016; wv) AppleWebKit/537.36 (KHTML, like Gecko) Version/4.0 Chrome/97.0.4692.87 Mobile Safari/537.36" "mywaywithstyle.com"
114.119.142.8 - - [22/Sep/2022:04:45:11 -0700] "GET /_private/clients/lafiesta%20website/?C=N%3BO%3DD HTTP/1.1" 200 333 "http://mywaywithstyle.com/_private/clients/lafiesta%20website?N=D" "Mozilla/5.0 (Linux; Android 7.0;) AppleWebKit/537.36 (KHTML, like Gecko) Mobile Safari/537.36 (compatible; PetalBot;+https://webmaster.petalsearch.com/site/petalbot)" "mywaywithstyle.com"
114.119.133.138 - - [22/Sep/2022:05:25:10 -0700] "GET /?C=N%3BO%3DD HTTP/1.1" 200 361 "https://mywaywithstyle.com/" "Mozilla/5.0 (Linux; Android 7.0;) AppleWebKit/537.36 (KHTML, like Gecko) Mobile Safari/537.36 (compatible; PetalBot;+https://webmaster.petalsearch.com/site/petalbot)" "mywaywithstyle.com"
114.119.142.84 - - [22/Sep/2022:05:27:44 -0700] "GET /_private?C=N%3BO%3DD HTTP/1.1" 301 1428 "https://www.mywaywithstyle.com/_private?S=D" "Mozilla/5.0 (Linux; Android 7.0;) AppleWebKit/537.36 (KHTML, like Gecko) Mobile Safari/537.36 (compatible; PetalBot;+https://webmaster.petalsearch.com/site/petalbot)" "www.mywaywithstyle.com"
114.119.142.84 - - [22/Sep/2022:05:27:45 -0700] "GET /_private/?C=N%3BO%3DD HTTP/1.1" 200 352 "https://www.mywaywithstyle.com/_private?S=D" "Mozilla/5.0 (Linux; Android 7.0;) AppleWebKit/537.36 (KHTML, like Gecko) Mobile Safari/537.36 (compatible; PetalBot;+https://webmaster.petalsearch.com/site/petalbot)" "www.mywaywithstyle.com"
51.222.253.16 - - [22/Sep/2022:05:28:51 -0700] "GET /robots.txt HTTP/1.1" 404 88 "-" "Mozilla/5.0 (compatible; AhrefsBot/7.0; +http://ahrefs.com/robot/)" "www.mywaywithstyle.com"
51.222.253.14 - - [22/Sep/2022:05:28:52 -0700] "GET / HTTP/1.1" 200 361 "-" "Mozilla/5.0 (compatible; AhrefsBot/7.0; +http://ahrefs.com/robot/)" "www.mywaywithstyle.com"
40.77.167.100 - - [22/Sep/2022:05:30:52 -0700] "GET /robots.txt HTTP/1.1" 404 88 "-" "Mozilla/5.0 (compatible; bingbot/2.0; +http://www.bing.com/bingbot.htm)" "mywaywithstyle.com"
40.77.167.100 - - [22/Sep/2022:05:30:52 -0700] "GET /robots.txt HTTP/1.1" 404 88 "-" "Mozilla/5.0 (compatible; bingbot/2.0; +http://www.bing.com/bingbot.htm)" "mywaywithstyle.com"
157.55.39.53 - - [22/Sep/2022:05:30:56 -0700] "GET /temp%20images/LosAltosPiscina%20(2).jpg HTTP/1.1" 200 78628 "-" "Mozilla/5.0 (compatible; bingbot/2.0; +http://www.bing.com/bingbot.htm)" "mywaywithstyle.com"
118.184.177.75 - - [22/Sep/2022:05:31:48 -0700] "GET / HTTP/1.1" 200 361 "-" "Sogou web spider/4.0(+http://www.sogou.com/docs/help/webmasters.htm#07)" "mywaywithstyle.com"
114.119.142.73 - - [22/Sep/2022:05:33:13 -0700] "GET /temp%20images?S=A HTTP/1.1" 301 1419 "https://www.mywaywithstyle.com/temp%20images?M=A" "Mozilla/5.0 (Linux; Android 7.0;) AppleWebKit/537.36 (KHTML, like Gecko) Mobile Safari/537.36 (compatible; PetalBot;+https://webmaster.petalsearch.com/site/petalbot)" "www.mywaywithstyle.com"
114.119.142.73 - - [22/Sep/2022:05:33:14 -0700] "GET /temp%20images/?S=A HTTP/1.1" 200 415 "https://www.mywaywithstyle.com/temp%20images?M=A" "Mozilla/5.0 (Linux; Android 7.0;) AppleWebKit/537.36 (KHTML, like Gecko) Mobile Safari/537.36 (compatible; PetalBot;+https://webmaster.petalsearch.com/site/petalbot)" "www.mywaywithstyle.com"
20.206.201.199 - - [22/Sep/2022:05:37:34 -0700] "GET / HTTP/1.1" 200 703 "-" "Mozilla/5.0 (Windows NT 10.0; Win64; x64) AppleWebKit/537.36 (KHTML, like Gecko) Chrome/89.0.4389.114 Safari/537.36" "mywaywithstyle.com"
20.206.201.199 - - [22/Sep/2022:05:37:35 -0700] "GET /wp-includes/wlwmanifest.xml HTTP/1.1" 404 73 "-" "Mozilla/5.0 (Windows NT 10.0; Win64; x64) AppleWebKit/537.36 (KHTML, like Gecko) Chrome/89.0.4389.114 Safari/537.36" "mywaywithstyle.com"
20.206.201.199 - - [22/Sep/2022:05:37:35 -0700] "GET /xmlrpc.php?rsd HTTP/1.1" 404 73 "-" "Mozilla/5.0 (Windows NT 10.0; Win64; x64) AppleWebKit/537.36 (KHTML, like Gecko) Chrome/89.0.4389.114 Safari/537.36" "mywaywithstyle.com"
20.206.201.199 - - [22/Sep/2022:05:37:36 -0700] "GET / HTTP/1.1" 200 703 "-" "Mozilla/5.0 (Windows NT 10.0; Win64; x64) AppleWebKit/537.36 (KHTML, like Gecko) Chrome/89.0.4389.114 Safari/537.36" "mywaywithstyle.com"
20.206.201.199 - - [22/Sep/2022:05:37:36 -0700] "GET /blog/wp-includes/wlwmanifest.xml HTTP/1.1" 404 73 "-" "Mozilla/5.0 (Windows NT 10.0; Win64; x64) AppleWebKit/537.36 (KHTML, like Gecko) Chrome/89.0.4389.114 Safari/537.36" "mywaywithstyle.com"
20.206.201.199 - - [22/Sep/2022:05:37:36 -0700] "GET /web/wp-includes/wlwmanifest.xml HTTP/1.1" 404 73 "-" "Mozilla/5.0 (Windows NT 10.0; Win64; x64) AppleWebKit/537.36 (KHTML, like Gecko) Chrome/89.0.4389.114 Safari/537.36" "mywaywithstyle.com"
20.206.201.199 - - [22/Sep/2022:05:37:37 -0700] "GET /wordpress/wp-includes/wlwmanifest.xml HTTP/1.1" 404 73 "-" "Mozilla/5.0 (Windows NT 10.0; Win64; x64) AppleWebKit/537.36 (KHTML, like Gecko) Chrome/89.0.4389.114 Safari/537.36" "mywaywithstyle.com"
20.206.201.199 - - [22/Sep/2022:05:37:37 -0700] "GET /website/wp-includes/wlwmanifest.xml HTTP/1.1" 404 73 "-" "Mozilla/5.0 (Windows NT 10.0; Win64; x64) AppleWebKit/537.36 (KHTML, like Gecko) Chrome/89.0.4389.114 Safari/537.36" "mywaywithstyle.com"
20.206.201.199 - - [22/Sep/2022:05:37:38 -0700] "GET /wp/wp-includes/wlwmanifest.xml HTTP/1.1" 404 73 "-" "Mozilla/5.0 (Windows NT 10.0; Win64; x64) AppleWebKit/537.36 (KHTML, like Gecko) Chrome/89.0.4389.114 Safari/537.36" "mywaywithstyle.com"
20.206.201.199 - - [22/Sep/2022:05:37:38 -0700] "GET /news/wp-includes/wlwmanifest.xml HTTP/1.1" 404 73 "-" "Mozilla/5.0 (Windows NT 10.0; Win64; x64) AppleWebKit/537.36 (KHTML, like Gecko) Chrome/89.0.4389.114 Safari/537.36" "mywaywithstyle.com"
20.206.201.199 - - [22/Sep/2022:05:37:38 -0700] "GET /2020/wp-includes/wlwmanifest.xml HTTP/1.1" 404 73 "-" "Mozilla/5.0 (Windows NT 10.0; Win64; x64) AppleWebKit/537.36 (KHTML, like Gecko) Chrome/89.0.4389.114 Safari/537.36" "mywaywithstyle.com"
20.206.201.199 - - [22/Sep/2022:05:38:40 -0700] "GET /wp1/wp-includes/wlwmanifest.xml HTTP/1.1" 404 73 "-" "Mozilla/5.0 (Windows NT 10.0; Win64; x64) AppleWebKit/537.36 (KHTML, like Gecko) Chrome/89.0.4389.114 Safari/537.36" "mywaywithstyle.com"
20.206.201.199 - - [22/Sep/2022:05:38:40 -0700] "GET /test/wp-includes/wlwmanifest.xml HTTP/1.1" 404 73 "-" "Mozilla/5.0 (Windows NT 10.0; Win64; x64) AppleWebKit/537.36 (KHTML, like Gecko) Chrome/89.0.4389.114 Safari/537.36" "mywaywithstyle.com"
20.206.201.199 - - [22/Sep/2022:05:39:41 -0700] "GET /site/wp-includes/wlwmanifest.xml HTTP/1.1" 404 73 "-" "Mozilla/5.0 (Windows NT 10.0; Win64; x64) AppleWebKit/537.36 (KHTML, like Gecko) Chrome/89.0.4389.114 Safari/537.36" "mywaywithstyle.com"
20.206.201.199 - - [22/Sep/2022:05:39:41 -0700] "GET /cms/wp-includes/wlwmanifest.xml HTTP/1.1" 404 73 "-" "Mozilla/5.0 (Windows NT 10.0; Win64; x64) AppleWebKit/537.36 (KHTML, like Gecko) Chrome/89.0.4389.114 Safari/537.36" "mywaywithstyle.com"
20.206.201.199 - - [22/Sep/2022:05:39:41 -0700] "GET /sito/wp-includes/wlwmanifest.xml HTTP/1.1" 404 73 "-" "Mozilla/5.0 (Windows NT 10.0; Win64; x64) AppleWebKit/537.36 (KHTML, like Gecko) Chrome/89.0.4389.114 Safari/537.36" "mywaywithstyle.com"
118.240.19.110 - - [22/Sep/2022:06:01:25 -0700] "GET /adminer.php HTTP/1.1" 404 88 "-" "Mozilla/4.0 (compatible; MSIE 6.0; Windows NT 5.1; 715)" "www.mywaywithstyle.com"
114.119.142.85 - - [22/Sep/2022:06:07:03 -0700] "GET /_private?S=D HTTP/1.1" 301 1413 "-" "Mozilla/5.0 (Linux; Android 7.0;) AppleWebKit/537.36 (KHTML, like Gecko) Mobile Safari/537.36 (compatible; PetalBot;+https://webmaster.petalsearch.com/site/petalbot)" "mywaywithstyle.com"
114.119.142.85 - - [22/Sep/2022:06:07:03 -0700] "GET /_private/?S=D HTTP/1.1" 200 352 "-" "Mozilla/5.0 (Linux; Android 7.0;) AppleWebKit/537.36 (KHTML, like Gecko) Mobile Safari/537.36 (compatible; PetalBot;+https://webmaster.petalsearch.com/site/petalbot)" "mywaywithstyle.com"
37.187.94.3 - - [22/Sep/2022:06:08:05 -0700] "GET /robots.txt HTTP/1.1" 404 73 "-" "Mozilla/5.0 (compatible; MJ12bot/v1.4.8; http://mj12bot.com/)" "www.mywaywithstyle.com"
37.187.94.3 - - [22/Sep/2022:06:08:12 -0700] "GET /weddingshow.htm%E2%80%99%3E%3Cimg%20src= HTTP/1.1" 404 88 "-" "Mozilla/5.0 (compatible; MJ12bot/v1.4.8; http://mj12bot.com/)" "www.mywaywithstyle.com"
114.119.142.8 - - [22/Sep/2022:07:06:51 -0700] "GET /_private/clients/lafiesta%20website?M=A HTTP/1.1" 301 1438 "https://www.mywaywithstyle.com/_private/clients/lafiesta%20website?S=D" "Mozilla/5.0 (Linux; Android 7.0;) AppleWebKit/537.36 (KHTML, like Gecko) Mobile Safari/537.36 (compatible; PetalBot;+https://webmaster.petalsearch.com/site/petalbot)" "www.mywaywithstyle.com"
114.119.142.8 - - [22/Sep/2022:07:06:52 -0700] "GET /_private/clients/lafiesta%20website/?M=A HTTP/1.1" 200 333 "https://www.mywaywithstyle.com/_private/clients/lafiesta%20website?S=D" "Mozilla/5.0 (Linux; Android 7.0;) AppleWebKit/537.36 (KHTML, like Gecko) Mobile Safari/537.36 (compatible; PetalBot;+https://webmaster.petalsearch.com/site/petalbot)" "www.mywaywithstyle.com"
114.119.142.84 - - [22/Sep/2022:07:15:54 -0700] "GET /temp%20images/?C=M%3BO%3DA HTTP/1.1" 200 415 "http://mywaywithstyle.com/temp%20images" "Mozilla/5.0 (Linux; Android 7.0;) AppleWebKit/537.36 (KHTML, like Gecko) Mobile Safari/537.36 (compatible; PetalBot;+https://webmaster.petalsearch.com/site/petalbot)" "mywaywithstyle.com"
20.119.96.169 - - [22/Sep/2022:07:17:29 -0700] "POST / HTTP/1.1" 404 88 "-" "Mozilla/5.0 (X11; Linux x86_64; rv:83.0) Gecko/20100101 Firefox/83.0" "mywaywithstyle.com"
123.125.109.137 - - [22/Sep/2022:07:30:16 -0700] "GET / HTTP/1.1" 200 361 "-" "Sogou web spider/4.0(+http://www.sogou.com/docs/help/webmasters.htm#07)" "www.mywaywithstyle.com"
3.216.133.225 - - [22/Sep/2022:08:34:07 -0700] "GET / HTTP/1.1" 200 703 "-" "Mozilla/5.0 (X11; Linux x86_64) AppleWebKit/537.36 (KHTML, like Gecko) Chrome/94.0.4606.81 Safari/537.36" "www.mywaywithstyle.com"
3.216.133.225 - - [22/Sep/2022:08:40:34 -0700] "GET / HTTP/1.1" 200 703 "-" "Mozilla/5.0 (X11; Linux x86_64) AppleWebKit/537.36 (KHTML, like Gecko) Chrome/94.0.4606.81 Safari/537.36" "www.mywaywithstyle.com"
51.222.253.13 - - [22/Sep/2022:08:41:17 -0700] "GET /robots.txt HTTP/1.1" 404 88 "-" "Mozilla/5.0 (compatible; AhrefsBot/7.0; +http://ahrefs.com/robot/)" "mywaywithstyle.com"
51.222.253.19 - - [22/Sep/2022:08:41:18 -0700] "GET /_private/clients/lafiesta%20website/ HTTP/1.1" 200 333 "-" "Mozilla/5.0 (compatible; AhrefsBot/7.0; +http://ahrefs.com/robot/)" "mywaywithstyle.com"
3.216.133.225 - - [22/Sep/2022:08:46:41 -0700] "GET /robots.txt HTTP/1.1" 404 73 "-" "Mozilla/5.0 (X11; Linux x86_64) AppleWebKit/537.36 (KHTML, like Gecko) Chrome/94.0.4606.81 Safari/537.36" "mywaywithstyle.com"
3.216.133.225 - - [22/Sep/2022:08:46:41 -0700] "GET / HTTP/1.1" 200 703 "-" "Mozilla/5.0 (X11; Linux x86_64) AppleWebKit/537.36 (KHTML, like Gecko) Chrome/94.0.4606.81 Safari/537.36" "mywaywithstyle.com"
54.36.148.115 - - [22/Sep/2022:09:25:00 -0700] "GET /robots.txt HTTP/1.1" 404 88 "-" "Mozilla/5.0 (compatible; AhrefsBot/7.0; +http://ahrefs.com/robot/)" "mywaywithstyle.com"
54.36.148.249 - - [22/Sep/2022:09:25:01 -0700] "GET /_private/clients/lafiesta%20website/?C=M;O=A HTTP/1.1" 200 334 "-" "Mozilla/5.0 (compatible; AhrefsBot/7.0; +http://ahrefs.com/robot/)" "mywaywithstyle.com"
177.52.160.29 - - [22/Sep/2022:10:13:39 -0700] "GET /wp-login.php HTTP/1.1" 404 88 "-" "Mozilla/5.0 (Windows NT 10.0; Win64; x64; rv:96.0) Gecko/20100101 Firefox/96" "mywaywithstyle.com"
51.222.253.17 - - [22/Sep/2022:10:49:43 -0700] "GET /_private/?C=S;O=A HTTP/1.1" 200 353 "-" "Mozilla/5.0 (compatible; AhrefsBot/7.0; +http://ahrefs.com/robot/)" "mywaywithstyle.com"
51.15.183.168 - - [22/Sep/2022:11:01:56 -0700] "GET /includes/FCKeditor/editor/filemanager/browser/default/connectors/php/connector.php?Command=GetFoldersAndFiles&Type=File&CurrentFolder=%2F HTTP/1.1" 404 73 "-" "Mozilla/5.0 (Windows NT 6.3; Win64; x64) AppleWebKit/537.36 (KHTML, like Gecko) Chrome/75.0.3770.100 Safari/537.36" "mywaywithstyle.com"
18.188.75.20 - - [22/Sep/2022:11:02:03 -0700] "GET / HTTP/1.1" 200 361 "-" "Mozilla/5.0 (Macintosh; Intel Mac OS X 10_9_3) AppleWebKit/537.36 (KHTML, like Gecko) Chrome/35.0.1916.47 Safari/537.36" "mywaywithstyle.com"
18.188.75.20 - - [22/Sep/2022:11:02:03 -0700] "GET / HTTP/1.1" 200 361 "-" "Mozilla/5.0 (Windows NT 6.2) AppleWebKit/537.36 (KHTML, like Gecko) Chrome/28.0.1467.0 Safari/537.36" "mywaywithstyle.com"
5.45.207.72 - - [22/Sep/2022:11:28:20 -0700] "GET /robots.txt HTTP/1.1" 404 73 "-" "Mozilla/5.0 (compatible; YandexBot/3.0; +http://yandex.com/bots)" "www.mywaywithstyle.com"
87.250.224.88 - - [22/Sep/2022:11:28:20 -0700] "GET /robots.txt HTTP/1.1" 404 73 "-" "Mozilla/5.0 (compatible; YandexBot/3.0; +http://yandex.com/bots)" "mywaywithstyle.com"
5.255.253.161 - - [22/Sep/2022:11:28:20 -0700] "GET /robots.txt HTTP/1.1" 404 73 "-" "Mozilla/5.0 (compatible; YandexBot/3.0; +http://yandex.com/bots)" "www.mywaywithstyle.com"
87.250.224.75 - - [22/Sep/2022:11:28:22 -0700] "GET /robots.txt HTTP/1.1" 404 73 "-" "Mozilla/5.0 (compatible; YandexBot/3.0; +http://yandex.com/bots)" "mywaywithstyle.com"
87.250.224.31 - - [22/Sep/2022:11:28:23 -0700] "GET / HTTP/1.1" 200 361 "-" "Mozilla/5.0 (compatible; YandexBot/3.0; +http://yandex.com/bots)" "www.mywaywithstyle.com"
5.45.207.145 - - [22/Sep/2022:11:28:23 -0700] "GET / HTTP/1.1" 200 361 "-" "Mozilla/5.0 (compatible; YandexBot/3.0; +http://yandex.com/bots)" "mywaywithstyle.com"
5.255.253.161 - - [22/Sep/2022:11:28:24 -0700] "GET / HTTP/1.1" 200 361 "-" "Mozilla/5.0 (compatible; YandexBot/3.0; +http://yandex.com/bots)" "www.mywaywithstyle.com"
87.250.224.188 - - [22/Sep/2022:11:28:26 -0700] "GET / HTTP/1.1" 200 361 "-" "Mozilla/5.0 (compatible; YandexBot/3.0; +http://yandex.com/bots)" "mywaywithstyle.com"
114.119.142.8 - - [22/Sep/2022:12:01:12 -0700] "GET /temp%20images?C=N%3BO%3DD HTTP/1.1" 301 1431 "https://www.mywaywithstyle.com/temp%20images?N=D" "Mozilla/5.0 (Linux; Android 7.0;) AppleWebKit/537.36 (KHTML, like Gecko) Mobile Safari/537.36 (compatible; PetalBot;+https://webmaster.petalsearch.com/site/petalbot)" "www.mywaywithstyle.com"
114.119.142.8 - - [22/Sep/2022:12:01:13 -0700] "GET /temp%20images/?C=N%3BO%3DD HTTP/1.1" 200 415 "https://www.mywaywithstyle.com/temp%20images?N=D" "Mozilla/5.0 (Linux; Android 7.0;) AppleWebKit/537.36 (KHTML, like Gecko) Mobile Safari/537.36 (compatible; PetalBot;+https://webmaster.petalsearch.com/site/petalbot)" "www.mywaywithstyle.com"
51.222.253.3 - - [22/Sep/2022:12:08:55 -0700] "GET /_private/clients/?C=D;O=A HTTP/1.1" 200 371 "-" "Mozilla/5.0 (compatible; AhrefsBot/7.0; +http://ahrefs.com/robot/)" "mywaywithstyle.com"
65.108.6.34 - - [22/Sep/2022:12:22:31 -0700] "GET /robots.txt HTTP/1.1" 404 88 "-" "Mozilla/5.0 (compatible; SEOkicks; +https://www.seokicks.de/robot.html)" "www.mywaywithstyle.com"
65.108.6.34 - - [22/Sep/2022:12:22:31 -0700] "GET /robots.txt HTTP/1.1" 404 88 "-" "Mozilla/5.0 (compatible; SEOkicks; +https://www.seokicks.de/robot.html)" "mywaywithstyle.com"
65.108.6.34 - - [22/Sep/2022:12:22:33 -0700] "GET / HTTP/1.1" 200 361 "-" "Mozilla/5.0 (compatible; SEOkicks; +https://www.seokicks.de/robot.html)" "www.mywaywithstyle.com"
65.108.6.34 - - [22/Sep/2022:12:22:33 -0700] "GET / HTTP/1.1" 200 361 "-" "Mozilla/5.0 (compatible; SEOkicks; +https://www.seokicks.de/robot.html)" "mywaywithstyle.com"
65.108.6.34 - - [22/Sep/2022:12:22:34 -0700] "GET /?C=N;O=D HTTP/1.1" 200 359 "http://www.mywaywithstyle.com/" "Mozilla/5.0 (compatible; SEOkicks; +https://www.seokicks.de/robot.html)" "www.mywaywithstyle.com"
65.108.6.34 - - [22/Sep/2022:12:22:34 -0700] "GET /?C=N;O=D HTTP/1.1" 200 359 "http://mywaywithstyle.com/" "Mozilla/5.0 (compatible; SEOkicks; +https://www.seokicks.de/robot.html)" "mywaywithstyle.com"
65.108.6.34 - - [22/Sep/2022:12:22:37 -0700] "GET /?C=M;O=A HTTP/1.1" 200 363 "http://www.mywaywithstyle.com/" "Mozilla/5.0 (compatible; SEOkicks; +https://www.seokicks.de/robot.html)" "www.mywaywithstyle.com"
65.108.6.34 - - [22/Sep/2022:12:22:37 -0700] "GET /?C=M;O=A HTTP/1.1" 200 363 "http://mywaywithstyle.com/" "Mozilla/5.0 (compatible; SEOkicks; +https://www.seokicks.de/robot.html)" "mywaywithstyle.com"
65.108.6.34 - - [22/Sep/2022:12:22:40 -0700] "GET /?C=S;O=A HTTP/1.1" 200 362 "http://www.mywaywithstyle.com/" "Mozilla/5.0 (compatible; SEOkicks; +https://www.seokicks.de/robot.html)" "www.mywaywithstyle.com"
65.108.6.34 - - [22/Sep/2022:12:22:40 -0700] "GET /?C=S;O=A HTTP/1.1" 200 362 "http://mywaywithstyle.com/" "Mozilla/5.0 (compatible; SEOkicks; +https://www.seokicks.de/robot.html)" "mywaywithstyle.com"
65.108.6.34 - - [22/Sep/2022:12:22:42 -0700] "GET /?C=D;O=A HTTP/1.1" 200 361 "http://www.mywaywithstyle.com/" "Mozilla/5.0 (compatible; SEOkicks; +https://www.seokicks.de/robot.html)" "www.mywaywithstyle.com"
65.108.6.34 - - [22/Sep/2022:12:22:43 -0700] "GET /?C=D;O=A HTTP/1.1" 200 361 "http://mywaywithstyle.com/" "Mozilla/5.0 (compatible; SEOkicks; +https://www.seokicks.de/robot.html)" "mywaywithstyle.com"
65.108.6.34 - - [22/Sep/2022:12:22:46 -0700] "GET /_private/ HTTP/1.1" 200 352 "http://www.mywaywithstyle.com/" "Mozilla/5.0 (compatible; SEOkicks; +https://www.seokicks.de/robot.html)" "www.mywaywithstyle.com"
65.108.6.34 - - [22/Sep/2022:12:22:46 -0700] "GET /_private/ HTTP/1.1" 200 352 "http://mywaywithstyle.com/" "Mozilla/5.0 (compatible; SEOkicks; +https://www.seokicks.de/robot.html)" "mywaywithstyle.com"
65.108.6.34 - - [22/Sep/2022:12:22:47 -0700] "GET /temp%20images/ HTTP/1.1" 200 415 "http://www.mywaywithstyle.com/" "Mozilla/5.0 (compatible; SEOkicks; +https://www.seokicks.de/robot.html)" "www.mywaywithstyle.com"
65.108.6.34 - - [22/Sep/2022:12:22:48 -0700] "GET /temp%20images/ HTTP/1.1" 200 415 "http://mywaywithstyle.com/" "Mozilla/5.0 (compatible; SEOkicks; +https://www.seokicks.de/robot.html)" "mywaywithstyle.com"
65.108.6.34 - - [22/Sep/2022:12:22:49 -0700] "GET /?C=N;O=A HTTP/1.1" 200 361 "http://www.mywaywithstyle.com/?C=N;O=D" "Mozilla/5.0 (compatible; SEOkicks; +https://www.seokicks.de/robot.html)" "www.mywaywithstyle.com"
65.108.6.34 - - [22/Sep/2022:12:22:49 -0700] "GET /?C=N;O=A HTTP/1.1" 200 361 "http://mywaywithstyle.com/?C=N;O=D" "Mozilla/5.0 (compatible; SEOkicks; +https://www.seokicks.de/robot.html)" "mywaywithstyle.com"
65.108.6.34 - - [22/Sep/2022:12:22:52 -0700] "GET /?C=M;O=D HTTP/1.1" 200 359 "http://mywaywithstyle.com/?C=M;O=A" "Mozilla/5.0 (compatible; SEOkicks; +https://www.seokicks.de/robot.html)" "mywaywithstyle.com"
114.119.142.85 - - [22/Sep/2022:13:01:00 -0700] "GET /?C=N%3BO%3DD HTTP/1.1" 200 361 "http://mywaywithstyle.com/?C=M%3BO%3DA" "Mozilla/5.0 (Linux; Android 7.0;) AppleWebKit/537.36 (KHTML, like Gecko) Mobile Safari/537.36 (compatible; PetalBot;+https://webmaster.petalsearch.com/site/petalbot)" "mywaywithstyle.com"
51.222.253.7 - - [22/Sep/2022:13:08:43 -0700] "GET /_private/?C=D;O=A HTTP/1.1" 200 352 "-" "Mozilla/5.0 (compatible; AhrefsBot/7.0; +http://ahrefs.com/robot/)" "mywaywithstyle.com"
114.119.142.84 - - [22/Sep/2022:13:38:49 -0700] "GET /_private/clients/lafiesta%20website?N=D HTTP/1.1" 301 1438 "https://www.mywaywithstyle.com/_private/clients/lafiesta%20website?N=A" "Mozilla/5.0 (Linux; Android 7.0;) AppleWebKit/537.36 (KHTML, like Gecko) Mobile Safari/537.36 (compatible; PetalBot;+https://webmaster.petalsearch.com/site/petalbot)" "www.mywaywithstyle.com"
114.119.142.84 - - [22/Sep/2022:13:38:50 -0700] "GET /_private/clients/lafiesta%20website/?N=D HTTP/1.1" 200 333 "https://www.mywaywithstyle.com/_private/clients/lafiesta%20website?N=A" "Mozilla/5.0 (Linux; Android 7.0;) AppleWebKit/537.36 (KHTML, like Gecko) Mobile Safari/537.36 (compatible; PetalBot;+https://webmaster.petalsearch.com/site/petalbot)" "www.mywaywithstyle.com"
54.36.149.58 - - [22/Sep/2022:14:03:15 -0700] "GET /_private/clients/lafiesta%20website/?C=N;O=A HTTP/1.1" 200 333 "-" "Mozilla/5.0 (compatible; AhrefsBot/7.0; +http://ahrefs.com/robot/)" "mywaywithstyle.com"
114.119.142.73 - - [22/Sep/2022:14:36:12 -0700] "GET /_private/clients/?C=N%3BO%3DD HTTP/1.1" 200 371 "http://mywaywithstyle.com/_private/clients?C=N%3BO%3DD" "Mozilla/5.0 (Linux; Android 7.0;) AppleWebKit/537.36 (KHTML, like Gecko) Mobile Safari/537.36 (compatible; PetalBot;+https://webmaster.petalsearch.com/site/petalbot)" "mywaywithstyle.com"
114.119.142.85 - - [22/Sep/2022:14:42:49 -0700] "GET /_private/clients HTTP/1.1" 301 1414 "-" "Mozilla/5.0 (Linux; Android 7.0;) AppleWebKit/537.36 (KHTML, like Gecko) Mobile Safari/537.36 (compatible; PetalBot;+https://webmaster.petalsearch.com/site/petalbot)" "mywaywithstyle.com"
114.119.142.85 - - [22/Sep/2022:14:42:49 -0700] "GET /_private/clients/ HTTP/1.1" 200 371 "-" "Mozilla/5.0 (Linux; Android 7.0;) AppleWebKit/537.36 (KHTML, like Gecko) Mobile Safari/537.36 (compatible; PetalBot;+https://webmaster.petalsearch.com/site/petalbot)" "mywaywithstyle.com"
51.222.253.13 - - [22/Sep/2022:14:52:36 -0700] "GET /_private/?C=M;O=A HTTP/1.1" 200 352 "-" "Mozilla/5.0 (compatible; AhrefsBot/7.0; +http://ahrefs.com/robot/)" "mywaywithstyle.com"
147.182.165.40 - - [22/Sep/2022:15:13:42 -0700] "GET / HTTP/1.1" 200 361 "-" "Mozilla/5.0 (Macintosh; Intel Mac OS X 10_15_7) AppleWebKit/537.36 (KHTML, like Gecko) Chrome/102.0.0.0 Safari/537.36" "mywaywithstyle.com"
35.162.190.199 - - [22/Sep/2022:15:26:37 -0700] "GET / HTTP/1.1" 200 361 "-" "Mozilla/5.0 (X11; Linux x86_64) AppleWebKit/537.36 (KHTML, like Gecko) Chrome/83.0.4103.97 Safari/537.36" "www.mywaywithstyle.com"
54.191.119.162 - - [22/Sep/2022:15:27:03 -0700] "GET / HTTP/1.1" 200 361 "http://weddingswithstyle.ca" "Mozilla/5.0 (X11; Linux x86_64) AppleWebKit/537.36 (KHTML, like Gecko) Chrome/83.0.4103.97 Safari/537.36" "www.mywaywithstyle.com"
54.36.148.68 - - [22/Sep/2022:15:55:09 -0700] "GET /temp%20images/?C=N;O=A HTTP/1.1" 200 415 "-" "Mozilla/5.0 (compatible; AhrefsBot/7.0; +http://ahrefs.com/robot/)" "mywaywithstyle.com"
54.36.149.17 - - [22/Sep/2022:16:37:50 -0700] "GET /_private/clients/?C=M;O=A HTTP/1.1" 200 371 "-" "Mozilla/5.0 (compatible; AhrefsBot/7.0; +http://ahrefs.com/robot/)" "mywaywithstyle.com"
114.119.153.105 - - [22/Sep/2022:17:06:39 -0700] "GET /robots.txt HTTP/1.1" 404 88 "-" "Mozilla/5.0 (compatible;PetalBot;+https://webmaster.petalsearch.com/site/petalbot)" "mywaywithstyle.com"
114.119.150.95 - - [22/Sep/2022:17:17:20 -0700] "GET /robots.txt HTTP/1.1" 404 88 "-" "Mozilla/5.0 (compatible;PetalBot;+https://webmaster.petalsearch.com/site/petalbot)" "www.mywaywithstyle.com"
80.73.244.208 - - [22/Sep/2022:17:17:31 -0700] "GET / HTTP/1.1" 200 361 "http://TRAVELANDEVENTSWITHSTYLE.CA" "Mozilla/5.0 (Macintosh; Intel Mac OS X 12_5) AppleWebKit/605.1.15 (KHTML, like Gecko) Version/15.4 Safari/605.1.15" "www.mywaywithstyle.com"
51.222.253.20 - - [22/Sep/2022:17:17:54 -0700] "GET /?C=M;O=D HTTP/1.1" 200 359 "-" "Mozilla/5.0 (compatible; AhrefsBot/7.0; +http://ahrefs.com/robot/)" "mywaywithstyle.com"
114.119.142.85 - - [22/Sep/2022:17:22:26 -0700] "GET / HTTP/1.1" 200 361 "http://mywaywithstyle.com/temp%20images" "Mozilla/5.0 (Linux; Android 7.0;) AppleWebKit/537.36 (KHTML, like Gecko) Mobile Safari/537.36 (compatible; PetalBot;+https://webmaster.petalsearch.com/site/petalbot)" "mywaywithstyle.com"
40.121.195.91 - - [22/Sep/2022:17:34:05 -0700] "GET / HTTP/1.1" 200 361 "-" "Mozilla/5.0 (Windows NT 10.0; Win64; x64) AppleWebKit/537.36 (KHTML, like Gecko) Chrome/86.0.4240.75 Safari/537.36" "www.mywaywithstyle.com"
162.55.85.222 - - [22/Sep/2022:17:38:44 -0700] "GET /robots.txt HTTP/1.1" 404 88 "-" "Mozilla/5.0 (compatible; BLEXBot/1.0; +http://webmeup-crawler.com/)" "mywaywithstyle.com"
162.55.85.222 - - [22/Sep/2022:17:38:44 -0700] "GET /sitemap HTTP/1.1" 404 88 "-" "Mozilla/5.0 (compatible; BLEXBot/1.0; +http://webmeup-crawler.com/)" "mywaywithstyle.com"
162.55.85.222 - - [22/Sep/2022:17:39:06 -0700] "GET /sitemap.txt HTTP/1.1" 404 88 "-" "Mozilla/5.0 (compatible; BLEXBot/1.0; +http://webmeup-crawler.com/)" "mywaywithstyle.com"
162.55.85.222 - - [22/Sep/2022:17:39:25 -0700] "GET /robots.txt HTTP/1.1" 404 88 "-" "Mozilla/5.0 (compatible; BLEXBot/1.0; +http://webmeup-crawler.com/)" "www.mywaywithstyle.com"
162.55.85.222 - - [22/Sep/2022:17:39:28 -0700] "GET / HTTP/1.1" 200 361 "-" "Mozilla/5.0 (compatible; BLEXBot/1.0; +http://webmeup-crawler.com/)" "www.mywaywithstyle.com"
162.55.85.222 - - [22/Sep/2022:17:39:40 -0700] "GET /_private/?C=D;O=D HTTP/1.1" 200 350 "-" "Mozilla/5.0 (compatible; BLEXBot/1.0; +http://webmeup-crawler.com/)" "mywaywithstyle.com"
162.55.85.222 - - [22/Sep/2022:17:40:43 -0700] "GET /_private/?C=N;O=A HTTP/1.1" 200 352 "-" "Mozilla/5.0 (compatible; BLEXBot/1.0; +http://webmeup-crawler.com/)" "mywaywithstyle.com"
162.55.85.222 - - [22/Sep/2022:17:41:01 -0700] "GET /_private/?C=S;O=D HTTP/1.1" 200 350 "-" "Mozilla/5.0 (compatible; BLEXBot/1.0; +http://webmeup-crawler.com/)" "mywaywithstyle.com"
162.55.85.222 - - [22/Sep/2022:17:41:04 -0700] "GET /_private/clients/?C=D;O=A HTTP/1.1" 200 371 "-" "Mozilla/5.0 (compatible; BLEXBot/1.0; +http://webmeup-crawler.com/)" "mywaywithstyle.com"
162.55.85.222 - - [22/Sep/2022:17:41:24 -0700] "GET /_private/clients/?C=M;O=A HTTP/1.1" 200 371 "-" "Mozilla/5.0 (compatible; BLEXBot/1.0; +http://webmeup-crawler.com/)" "mywaywithstyle.com"
162.55.85.222 - - [22/Sep/2022:17:41:36 -0700] "GET /_private/clients/?C=N;O=D HTTP/1.1" 200 369 "-" "Mozilla/5.0 (compatible; BLEXBot/1.0; +http://webmeup-crawler.com/)" "mywaywithstyle.com"
162.55.85.222 - - [22/Sep/2022:17:41:51 -0700] "GET /_private/clients/?C=S;O=A HTTP/1.1" 200 371 "-" "Mozilla/5.0 (compatible; BLEXBot/1.0; +http://webmeup-crawler.com/)" "mywaywithstyle.com"
162.55.85.222 - - [22/Sep/2022:17:42:05 -0700] "GET /_private/clients/lafiesta%20website/ HTTP/1.1" 200 333 "-" "Mozilla/5.0 (compatible; BLEXBot/1.0; +http://webmeup-crawler.com/)" "mywaywithstyle.com"
162.55.85.222 - - [22/Sep/2022:17:42:16 -0700] "GET /temp%20images/?C=D;O=D HTTP/1.1" 200 408 "-" "Mozilla/5.0 (compatible; BLEXBot/1.0; +http://webmeup-crawler.com/)" "mywaywithstyle.com"
162.55.85.222 - - [22/Sep/2022:17:42:29 -0700] "GET /temp%20images/?C=M;O=D HTTP/1.1" 200 408 "-" "Mozilla/5.0 (compatible; BLEXBot/1.0; +http://webmeup-crawler.com/)" "mywaywithstyle.com"
162.55.85.222 - - [22/Sep/2022:17:42:48 -0700] "GET /temp%20images/?C=N;O=A HTTP/1.1" 200 415 "-" "Mozilla/5.0 (compatible; BLEXBot/1.0; +http://webmeup-crawler.com/)" "mywaywithstyle.com"
162.55.85.222 - - [22/Sep/2022:17:42:57 -0700] "GET /temp%20images/?C=S;O=D HTTP/1.1" 200 410 "-" "Mozilla/5.0 (compatible; BLEXBot/1.0; +http://webmeup-crawler.com/)" "mywaywithstyle.com"
54.36.149.12 - - [22/Sep/2022:17:46:15 -0700] "GET /_private/clients/lafiesta%20website/ HTTP/1.1" 200 333 "-" "Mozilla/5.0 (compatible; AhrefsBot/7.0; +http://ahrefs.com/robot/)" "mywaywithstyle.com"
140.246.164.95 - - [22/Sep/2022:17:58:25 -0700] "GET / HTTP/1.1" 200 361 "-" "Mozilla/5.0 (iPhone; CPU iPhone OS 13_2_3 like Mac OS X) AppleWebKit/605.1.15 (KHTML, like Gecko) Version/13.0.3 Mobile/15E148 Safari/604.1" "mywaywithstyle.com"
65.108.6.34 - - [22/Sep/2022:18:06:11 -0700] "GET /?C=S;O=D HTTP/1.1" 200 359 "http://mywaywithstyle.com/?C=S;O=A" "Mozilla/5.0 (compatible; SEOkicks; +https://www.seokicks.de/robot.html)" "mywaywithstyle.com"
65.108.6.34 - - [22/Sep/2022:18:06:12 -0700] "GET /?C=M;O=D HTTP/1.1" 200 359 "http://www.mywaywithstyle.com/?C=M;O=A" "Mozilla/5.0 (compatible; SEOkicks; +https://www.seokicks.de/robot.html)" "www.mywaywithstyle.com"
65.108.6.34 - - [22/Sep/2022:18:06:13 -0700] "GET /?C=D;O=D HTTP/1.1" 200 359 "http://mywaywithstyle.com/?C=D;O=A" "Mozilla/5.0 (compatible; SEOkicks; +https://www.seokicks.de/robot.html)" "mywaywithstyle.com"
65.108.6.34 - - [22/Sep/2022:18:06:14 -0700] "GET /?C=S;O=D HTTP/1.1" 200 359 "http://www.mywaywithstyle.com/?C=S;O=A" "Mozilla/5.0 (compatible; SEOkicks; +https://www.seokicks.de/robot.html)" "www.mywaywithstyle.com"
65.108.6.34 - - [22/Sep/2022:18:06:14 -0700] "GET /_private/?C=N;O=D HTTP/1.1" 200 350 "http://mywaywithstyle.com/_private/" "Mozilla/5.0 (compatible; SEOkicks; +https://www.seokicks.de/robot.html)" "mywaywithstyle.com"
65.108.6.34 - - [22/Sep/2022:18:06:15 -0700] "GET /?C=D;O=D HTTP/1.1" 200 359 "http://www.mywaywithstyle.com/?C=D;O=A" "Mozilla/5.0 (compatible; SEOkicks; +https://www.seokicks.de/robot.html)" "www.mywaywithstyle.com"
65.108.6.34 - - [22/Sep/2022:18:06:16 -0700] "GET /_private/?C=M;O=A HTTP/1.1" 200 352 "http://mywaywithstyle.com/_private/" "Mozilla/5.0 (compatible; SEOkicks; +https://www.seokicks.de/robot.html)" "mywaywithstyle.com"
65.108.6.34 - - [22/Sep/2022:18:06:17 -0700] "GET /_private/?C=N;O=D HTTP/1.1" 200 350 "http://www.mywaywithstyle.com/_private/" "Mozilla/5.0 (compatible; SEOkicks; +https://www.seokicks.de/robot.html)" "www.mywaywithstyle.com"
65.108.6.34 - - [22/Sep/2022:18:06:17 -0700] "GET /_private/?C=S;O=A HTTP/1.1" 200 353 "http://mywaywithstyle.com/_private/" "Mozilla/5.0 (compatible; SEOkicks; +https://www.seokicks.de/robot.html)" "mywaywithstyle.com"
65.108.6.34 - - [22/Sep/2022:18:06:18 -0700] "GET /_private/?C=D;O=A HTTP/1.1" 200 352 "http://mywaywithstyle.com/_private/" "Mozilla/5.0 (compatible; SEOkicks; +https://www.seokicks.de/robot.html)" "mywaywithstyle.com"
65.108.6.34 - - [22/Sep/2022:18:06:38 -0700] "GET /_private/?C=M;O=A HTTP/1.1" 200 352 "http://www.mywaywithstyle.com/_private/" "Mozilla/5.0 (compatible; SEOkicks; +https://www.seokicks.de/robot.html)" "www.mywaywithstyle.com"
65.108.6.34 - - [22/Sep/2022:18:06:40 -0700] "GET /_private/?C=S;O=A HTTP/1.1" 200 353 "http://www.mywaywithstyle.com/_private/" "Mozilla/5.0 (compatible; SEOkicks; +https://www.seokicks.de/robot.html)" "www.mywaywithstyle.com"
65.108.6.34 - - [22/Sep/2022:18:06:41 -0700] "GET /_private/?C=D;O=A HTTP/1.1" 200 352 "http://www.mywaywithstyle.com/_private/" "Mozilla/5.0 (compatible; SEOkicks; +https://www.seokicks.de/robot.html)" "www.mywaywithstyle.com"
65.108.6.34 - - [22/Sep/2022:18:06:43 -0700] "GET /_private/clients/ HTTP/1.1" 200 371 "http://www.mywaywithstyle.com/_private/" "Mozilla/5.0 (compatible; SEOkicks; +https://www.seokicks.de/robot.html)" "www.mywaywithstyle.com"
65.108.6.34 - - [22/Sep/2022:18:06:44 -0700] "GET /temp%20images/?C=N;O=D HTTP/1.1" 200 408 "http://www.mywaywithstyle.com/temp%20images/" "Mozilla/5.0 (compatible; SEOkicks; +https://www.seokicks.de/robot.html)" "www.mywaywithstyle.com"
65.108.6.34 - - [22/Sep/2022:18:06:45 -0700] "GET /temp%20images/?C=M;O=A HTTP/1.1" 200 415 "http://www.mywaywithstyle.com/temp%20images/" "Mozilla/5.0 (compatible; SEOkicks; +https://www.seokicks.de/robot.html)" "www.mywaywithstyle.com"
52.25.128.209 - - [22/Sep/2022:18:07:00 -0700] "GET / HTTP/1.1" 200 361 "-" "Mozilla/5.0 (Windows NT 6.1; WOW64; rv:14.0) Gecko/20100101 Firefox/13.0.1" "mywaywithstyle.com"
65.108.6.34 - - [22/Sep/2022:18:07:00 -0700] "GET /_private/clients/ HTTP/1.1" 200 371 "http://mywaywithstyle.com/_private/" "Mozilla/5.0 (compatible; SEOkicks; +https://www.seokicks.de/robot.html)" "mywaywithstyle.com"
54.189.180.8 - - [22/Sep/2022:18:07:00 -0700] "GET /favicon.ico HTTP/1.1" 404 88 "-" "Mozilla/5.0 (Windows NT 6.1; WOW64; rv:14.0) Gecko/20100101 Firefox/13.0.1" "mywaywithstyle.com"
65.108.6.34 - - [22/Sep/2022:18:07:02 -0700] "GET /temp%20images/?C=N;O=D HTTP/1.1" 200 408 "http://mywaywithstyle.com/temp%20images/" "Mozilla/5.0 (compatible; SEOkicks; +https://www.seokicks.de/robot.html)" "mywaywithstyle.com"
65.108.6.34 - - [22/Sep/2022:18:07:03 -0700] "GET /temp%20images/?C=M;O=A HTTP/1.1" 200 415 "http://mywaywithstyle.com/temp%20images/" "Mozilla/5.0 (compatible; SEOkicks; +https://www.seokicks.de/robot.html)" "mywaywithstyle.com"
54.36.148.239 - - [22/Sep/2022:18:08:18 -0700] "GET /_private/clients/?C=N;O=A HTTP/1.1" 200 371 "-" "Mozilla/5.0 (compatible; AhrefsBot/7.0; +http://ahrefs.com/robot/)" "mywaywithstyle.com"
51.222.253.7 - - [22/Sep/2022:18:24:46 -0700] "GET /_private/?C=N;O=D HTTP/1.1" 200 350 "-" "Mozilla/5.0 (compatible; AhrefsBot/7.0; +http://ahrefs.com/robot/)" "mywaywithstyle.com"
51.222.253.3 - - [22/Sep/2022:18:36:56 -0700] "GET /_private/clients/?C=D;O=D HTTP/1.1" 200 369 "-" "Mozilla/5.0 (compatible; AhrefsBot/7.0; +http://ahrefs.com/robot/)" "mywaywithstyle.com"
114.119.142.84 - - [22/Sep/2022:18:50:54 -0700] "GET /_private/?C=S%3BO%3DA HTTP/1.1" 200 352 "http://mywaywithstyle.com/_private" "Mozilla/5.0 (Linux; Android 7.0;) AppleWebKit/537.36 (KHTML, like Gecko) Mobile Safari/537.36 (compatible; PetalBot;+https://webmaster.petalsearch.com/site/petalbot)" "mywaywithstyle.com"
142.161.77.57 - - [22/Sep/2022:18:57:19 -0700] "GET / HTTP/1.1" 200 361 "-" "Mozilla/5.0 (iPhone; CPU iPhone OS 15_6_1 like Mac OS X) AppleWebKit/605.1.15 (KHTML, like Gecko) Version/15.6.1 Mobile/15E148 Safari/604.1" "www.mywaywithstyle.com"
142.161.77.57 - - [22/Sep/2022:18:57:21 -0700] "GET / HTTP/1.1" 200 361 "-" "Mozilla/5.0 (iPhone; CPU iPhone OS 15_6_1 like Mac OS X) AppleWebKit/605.1.15 (KHTML, like Gecko) Version/15.6.1 Mobile/15E148 Safari/604.1" "www.mywaywithstyle.com"
65.108.6.34 - - [22/Sep/2022:19:03:58 -0700] "GET /temp%20images/?C=S;O=A HTTP/1.1" 200 414 "http://www.mywaywithstyle.com/temp%20images/" "Mozilla/5.0 (compatible; SEOkicks; +https://www.seokicks.de/robot.html)" "www.mywaywithstyle.com"
65.108.6.34 - - [22/Sep/2022:19:04:00 -0700] "GET /temp%20images/?C=D;O=A HTTP/1.1" 200 415 "http://www.mywaywithstyle.com/temp%20images/" "Mozilla/5.0 (compatible; SEOkicks; +https://www.seokicks.de/robot.html)" "www.mywaywithstyle.com"
65.108.6.34 - - [22/Sep/2022:19:04:02 -0700] "GET /_private/?C=N;O=A HTTP/1.1" 200 352 "http://www.mywaywithstyle.com/_private/?C=N;O=D" "Mozilla/5.0 (compatible; SEOkicks; +https://www.seokicks.de/robot.html)" "www.mywaywithstyle.com"
65.108.6.34 - - [22/Sep/2022:19:04:03 -0700] "GET /_private/?C=M;O=D HTTP/1.1" 200 350 "http://www.mywaywithstyle.com/_private/?C=M;O=A" "Mozilla/5.0 (compatible; SEOkicks; +https://www.seokicks.de/robot.html)" "www.mywaywithstyle.com"
65.108.6.34 - - [22/Sep/2022:19:04:05 -0700] "GET /_private/?C=S;O=D HTTP/1.1" 200 350 "http://www.mywaywithstyle.com/_private/?C=S;O=A" "Mozilla/5.0 (compatible; SEOkicks; +https://www.seokicks.de/robot.html)" "www.mywaywithstyle.com"
65.108.6.34 - - [22/Sep/2022:19:04:06 -0700] "GET /_private/?C=D;O=D HTTP/1.1" 200 350 "http://www.mywaywithstyle.com/_private/?C=D;O=A" "Mozilla/5.0 (compatible; SEOkicks; +https://www.seokicks.de/robot.html)" "www.mywaywithstyle.com"
65.108.6.34 - - [22/Sep/2022:19:04:12 -0700] "GET /temp%20images/?C=S;O=A HTTP/1.1" 200 414 "http://mywaywithstyle.com/temp%20images/" "Mozilla/5.0 (compatible; SEOkicks; +https://www.seokicks.de/robot.html)" "mywaywithstyle.com"
65.108.6.34 - - [22/Sep/2022:19:04:13 -0700] "GET /temp%20images/?C=D;O=A HTTP/1.1" 200 415 "http://mywaywithstyle.com/temp%20images/" "Mozilla/5.0 (compatible; SEOkicks; +https://www.seokicks.de/robot.html)" "mywaywithstyle.com"
65.108.6.34 - - [22/Sep/2022:19:04:15 -0700] "GET /_private/?C=N;O=A HTTP/1.1" 200 352 "http://mywaywithstyle.com/_private/?C=N;O=D" "Mozilla/5.0 (compatible; SEOkicks; +https://www.seokicks.de/robot.html)" "mywaywithstyle.com"
65.108.6.34 - - [22/Sep/2022:19:04:16 -0700] "GET /_private/?C=M;O=D HTTP/1.1" 200 350 "http://mywaywithstyle.com/_private/?C=M;O=A" "Mozilla/5.0 (compatible; SEOkicks; +https://www.seokicks.de/robot.html)" "mywaywithstyle.com"
65.108.6.34 - - [22/Sep/2022:19:04:18 -0700] "GET /_private/?C=S;O=D HTTP/1.1" 200 350 "http://mywaywithstyle.com/_private/?C=S;O=A" "Mozilla/5.0 (compatible; SEOkicks; +https://www.seokicks.de/robot.html)" "mywaywithstyle.com"
65.108.6.34 - - [22/Sep/2022:19:04:19 -0700] "GET /_private/?C=D;O=D HTTP/1.1" 200 350 "http://mywaywithstyle.com/_private/?C=D;O=A" "Mozilla/5.0 (compatible; SEOkicks; +https://www.seokicks.de/robot.html)" "mywaywithstyle.com"
65.108.6.34 - - [22/Sep/2022:19:04:21 -0700] "GET /_private/clients/?C=N;O=D HTTP/1.1" 200 369 "http://mywaywithstyle.com/_private/clients/" "Mozilla/5.0 (compatible; SEOkicks; +https://www.seokicks.de/robot.html)" "mywaywithstyle.com"
65.108.6.34 - - [22/Sep/2022:19:04:22 -0700] "GET /_private/clients/?C=M;O=A HTTP/1.1" 200 371 "http://mywaywithstyle.com/_private/clients/" "Mozilla/5.0 (compatible; SEOkicks; +https://www.seokicks.de/robot.html)" "mywaywithstyle.com"
65.108.6.34 - - [22/Sep/2022:19:04:24 -0700] "GET /_private/clients/?C=S;O=A HTTP/1.1" 200 371 "http://mywaywithstyle.com/_private/clients/" "Mozilla/5.0 (compatible; SEOkicks; +https://www.seokicks.de/robot.html)" "mywaywithstyle.com"
65.108.6.34 - - [22/Sep/2022:19:04:25 -0700] "GET /_private/clients/?C=D;O=A HTTP/1.1" 200 371 "http://mywaywithstyle.com/_private/clients/" "Mozilla/5.0 (compatible; SEOkicks; +https://www.seokicks.de/robot.html)" "mywaywithstyle.com"
65.108.6.34 - - [22/Sep/2022:19:04:28 -0700] "GET /_private/clients/?C=N;O=D HTTP/1.1" 200 369 "http://www.mywaywithstyle.com/_private/clients/" "Mozilla/5.0 (compatible; SEOkicks; +https://www.seokicks.de/robot.html)" "www.mywaywithstyle.com"
65.108.6.34 - - [22/Sep/2022:19:04:29 -0700] "GET /_private/clients/?C=M;O=A HTTP/1.1" 200 371 "http://www.mywaywithstyle.com/_private/clients/" "Mozilla/5.0 (compatible; SEOkicks; +https://www.seokicks.de/robot.html)" "www.mywaywithstyle.com"
65.108.6.34 - - [22/Sep/2022:19:04:31 -0700] "GET /_private/clients/?C=S;O=A HTTP/1.1" 200 371 "http://www.mywaywithstyle.com/_private/clients/" "Mozilla/5.0 (compatible; SEOkicks; +https://www.seokicks.de/robot.html)" "www.mywaywithstyle.com"
51.222.253.11 - - [22/Sep/2022:19:08:44 -0700] "GET /temp%20images/ HTTP/1.1" 200 415 "-" "Mozilla/5.0 (compatible; AhrefsBot/7.0; +http://ahrefs.com/robot/)" "mywaywithstyle.com"
114.119.142.84 - - [22/Sep/2022:19:34:00 -0700] "GET /_private/?C=N%3BO%3DD HTTP/1.1" 200 352 "https://www.mywaywithstyle.com/_private/" "Mozilla/5.0 (Linux; Android 7.0;) AppleWebKit/537.36 (KHTML, like Gecko) Mobile Safari/537.36 (compatible; PetalBot;+https://webmaster.petalsearch.com/site/petalbot)" "www.mywaywithstyle.com"
